000
CDUS44 KBMX 172125
CLIEET


CLIMATE REPORT
NATIONAL WEATHER SERVICE BIRMINGHAM, AL
425 PM CDT FRI APR 17 2015


...................................

...THE SHELBY COUNTY AIRPORT CLIMATE SUMMARY FOR APRIL 17 2015...
VALID AS OF 0400 PM LOCAL TIME.

CLIMATE NORMAL PERIOD 1981 TO 2010
CLIMATE RECORD PERIOD 9999 TO 9999


WEATHER ITEM   OBSERVED TIME   RECORD YEAR NORMAL DEPARTURE LAST
                VALUE   (LST)  VALUE       VALUE  FROM      YEAR
                                                  NORMAL
..................................................................
TEMPERATURE (F)
 TODAY
  MAXIMUM         66    248 PM  MM      MM  75     -9       70
  MINIMUM         59    646 AM  MM      MM  51      8       45
  AVERAGE         63                        63      0       58

PRECIPITATION (IN)
  TODAY            0.79                      0.13   0.66     0.00
  MONTH TO DATE    4.17                      2.24   1.93     6.45
  SINCE MAR 1      7.98                      6.72   1.26    13.35
  SINCE JAN 1     17.35                     17.80  -0.45    21.88

SNOWFALL (IN)
  TODAY            0.0                      MM     MM        0.0
  MONTH TO DATE    0.0                      MM     MM        0.0
  SINCE MAR 1      T                        MM     MM        0.0
  SINCE JUL 1      T                        MM     MM        1.3
  SNOW DEPTH       0

DEGREE DAYS
 HEATING
  TODAY            2                         4     -2        7
  MONTH TO DATE   13                        92    -79       78
  SINCE MAR 1    221                       401   -180      421
  SINCE JUL 1   2466                      2530    -64     2700

 COOLING
  TODAY            0                         2     -2        0
  MONTH TO DATE   70                        25     45       18
  SINCE MAR 1     86                        38     48       18
  SINCE JAN 1     86                        42     44       22
..................................................................


WIND (MPH)
  HIGHEST WIND SPEED     8   HIGHEST WIND DIRECTION     E (70)
  HIGHEST GUST SPEED    13   HIGHEST GUST DIRECTION     E (70)
  AVERAGE WIND SPEED     3.2


SKY COVER
  POSSIBLE SUNSHINE  MM
  AVERAGE SKY COVER 0.9


WEATHER CONDITIONS
 THE FOLLOWING WEATHER WAS RECORDED TODAY.
  HEAVY RAIN
  RAIN
  LIGHT RAIN
  FOG


RELATIVE HUMIDITY (PERCENT)
 HIGHEST    97          1000 AM
 LOWEST     90           800 AM
 AVERAGE    94

..........................................................


THE SHELBY COUNTY AIRPORT CLIMATE NORMALS FOR TOMORROW
                         NORMAL    RECORD    YEAR
 MAXIMUM TEMPERATURE (F)   75        MM        MM
 MINIMUM TEMPERATURE (F)   51        MM        MM


SUNRISE AND SUNSET
APRIL 17 2015.........SUNRISE   615 AM CDT   SUNSET   719 PM CDT
APRIL 18 2015.........SUNRISE   614 AM CDT   SUNSET   720 PM CDT


-  INDICATES NEGATIVE NUMBERS.
R  INDICATES RECORD WAS SET OR TIED.
MM INDICATES DATA IS MISSING.
T  INDICATES TRACE AMOUNT.




$$
