000
CDUS45 KLKN 250930
CLIEKO


CLIMATE REPORT
NATIONAL WEATHER SERVICE ELKO NV
230 AM PDT SAT APR 25 2015


...................................

...THE ELKO AIRPORT NV CLIMATE SUMMARY FOR APRIL 24 2015...

CLIMATE NORMAL PERIOD 1981 TO 2010
CLIMATE RECORD PERIOD 1888 TO 2015


WEATHER ITEM   OBSERVED TIME   RECORD YEAR NORMAL DEPARTURE LAST
                VALUE   (LST)  VALUE       VALUE  FROM      YEAR
                                                  NORMAL
..................................................................
TEMPERATURE (F)
 YESTERDAY
  MAXIMUM         51    130 PM  84    1977  62    -11       64
  MINIMUM         36    536 AM  15    1950  33      3       30
  AVERAGE         44                        47     -3       47

PRECIPITATION (IN)
  YESTERDAY        0.09          1.05 1902   0.03   0.06     0.00
  MONTH TO DATE    0.50                      0.77  -0.27     0.36
  SINCE OCT 1      3.39                      6.79  -3.40     5.60
  SINCE JAN 1      1.15                      3.73  -2.58     3.99

SNOWFALL (IN)
  YESTERDAY        0.0           4.3  1971   0.0    0.0      0.0
  MONTH TO DATE    2.2                       2.8   -0.6      2.6
  SINCE MAR 1      2.9                       7.9   -5.0      7.9
  SINCE JUL 1     12.3                      40.4  -28.1     20.2
  SNOW DEPTH       0

DEGREE DAYS
 HEATING
  YESTERDAY       21                        18      3       18
  MONTH TO DATE  485                       493     -8      450
  SINCE MAR 1   1117                      1302   -185     1208
  SINCE JUL 1   5125                      6470  -1345     5939

 COOLING
  YESTERDAY        0                         0      0        0
  MONTH TO DATE    0                         0      0        0
  SINCE MAR 1      0                         0      0        0
  SINCE JAN 1      0                         0      0        0
..................................................................


WIND (MPH)
  HIGHEST WIND SPEED    33   HIGHEST WIND DIRECTION     W (260)
  HIGHEST GUST SPEED    40   HIGHEST GUST DIRECTION     W (250)
  AVERAGE WIND SPEED     7.8



WEATHER CONDITIONS
 THE FOLLOWING WEATHER WAS RECORDED YESTERDAY.
  LIGHT RAIN
  FOG


RELATIVE HUMIDITY (PERCENT)
 HIGHEST    92           200 AM
 LOWEST     61          1100 AM
 AVERAGE    77

..........................................................


THE ELKO AIRPORT NV CLIMATE NORMALS FOR TODAY
                         NORMAL    RECORD    YEAR
 MAXIMUM TEMPERATURE (F)   62        84      1910
 MINIMUM TEMPERATURE (F)   33        14      1899


SUNRISE AND SUNSET
APRIL 25 2015.........SUNRISE   550 AM PDT   SUNSET   733 PM PDT
APRIL 26 2015.........SUNRISE   548 AM PDT   SUNSET   734 PM PDT


-  INDICATES NEGATIVE NUMBERS.
R  INDICATES RECORD WAS SET OR TIED.
MM INDICATES DATA IS MISSING.
T  INDICATES TRACE AMOUNT.




$$
