000
CDUS44 KTSA 030829
CLIFSM

CLIMATE REPORT
NATIONAL WEATHER SERVICE TULSA OK
147 AM CDT SUN MAY 3 2015


...................................

...THE FORT SMITH ARKANSAS CLIMATE SUMMARY FOR MAY 2 2015...

CLIMATE NORMAL PERIOD 1981 TO 2010
CLIMATE RECORD PERIOD 1882 TO 2015


WEATHER ITEM   OBSERVED TIME   RECORD YEAR NORMAL DEPARTURE LAST
                VALUE   (LST)  VALUE       VALUE  FROM      YEAR
                                                  NORMAL
..................................................................
TEMPERATURE (F)
 YESTERDAY
  MAXIMUM         81    234 PM  93    1943  78      3       75
                                      1883
  MINIMUM         51    536 AM  37    1989  55     -4       42
                                      1909
  AVERAGE         66                        66      0       59

PRECIPITATION (IN)
  YESTERDAY        0.00          3.84 1990   0.17  -0.17     0.00
  MONTH TO DATE    0.00                      0.35  -0.35      T
  SINCE MAR 1      8.79                      8.50   0.29     6.79
  SINCE JAN 1     13.40                     14.07  -0.67     8.56

SNOWFALL (IN)
  YESTERDAY        0.0                                       0.0
  MONTH TO DATE    0.0                                       0.0
  SINCE MAR 1      1.0                                       0.5
  SINCE JUL 1      6.6                                      10.7

DEGREE DAYS
 HEATING
  YESTERDAY        0                         2     -2        6
  MONTH TO DATE    2                         4     -2       15
  SINCE MAR 1    482                       546    -64      616
  SINCE JUL 1   3296                      3219     77     3561

 COOLING
  YESTERDAY        1                         3     -2        0
  MONTH TO DATE    1                         6     -5        0
  SINCE MAR 1     69                        71     -2       51
  SINCE JAN 1     69                        72     -3       51
..................................................................


WIND (MPH)
  HIGHEST WIND SPEED    12   HIGHEST WIND DIRECTION     S (190)
  HIGHEST GUST SPEED    14   HIGHEST GUST DIRECTION     S (180)
  AVERAGE WIND SPEED     4.7


SKY COVER
  POSSIBLE SUNSHINE  MM
  AVERAGE SKY COVER 0.0


WEATHER CONDITIONS
 THE FOLLOWING WEATHER WAS RECORDED YESTERDAY.
  NO SIGNIFICANT WEATHER WAS OBSERVED.


RELATIVE HUMIDITY (PERCENT)
 HIGHEST    83           100 AM
 LOWEST     33           300 PM
 AVERAGE    58

..........................................................


THE FORT SMITH ARKANSAS CLIMATE NORMALS FOR TODAY
                         NORMAL    RECORD    YEAR
 MAXIMUM TEMPERATURE (F)   78        90      1955
                                             1952
 MINIMUM TEMPERATURE (F)   55        37      2013
                                             2011
                                             2005


SUNRISE AND SUNSET
MAY  3 2015...........SUNRISE   624 AM CDT   SUNSET   805 PM CDT
MAY  4 2015...........SUNRISE   623 AM CDT   SUNSET   806 PM CDT


-  INDICATES NEGATIVE NUMBERS.
R  INDICATES RECORD WAS SET OR TIED.
MM INDICATES DATA IS MISSING.
T  INDICATES TRACE AMOUNT.




$$

&&
...........................................................

THE ARKANSAS RIVER AT VAN BUREN

                   OBSERVED      24 HOUR     24 HOUR
                    VALUE        CHANGE      FORECAST

 STAGE (FEET)
  THIS MORNING       19.5         -0.1

MEAN FLOW (CFS)
  TODAY                                        28600
...........................................................
ALL DATA MEASURED AT THE FORT SMITH REGIONAL AIRPORT
