000
CDUS43 KUNR 250855
CLIGCC


CLIMATE REPORT
NATIONAL WEATHER SERVICE RAPID CITY SD
255 AM MDT SAT APR 25 2015


...................................

...THE GILLETTE AIRPORT WY CLIMATE SUMMARY FOR APRIL 24 2015...

CLIMATE NORMAL PERIOD 1981 TO 2010
CLIMATE RECORD PERIOD 9999 TO 9999


WEATHER ITEM   OBSERVED TIME   NORMAL DEPARTURE LAST
                VALUE   (LST)  VALUE  FROM      YEAR
                                      NORMAL
......................................................
TEMPERATURE (F)
 YESTERDAY
  MAXIMUM         67   1201 PM  59      8       62
  MINIMUM         42    615 AM  32     10       29
  AVERAGE         55            45     10       46

PRECIPITATION (IN)
  YESTERDAY        0.00          0.06  -0.06     0.00
  MONTH TO DATE    0.54          1.03  -0.49     0.37
  SINCE MAR 1      0.99          1.99  -1.00     1.46
  SINCE JAN 1      1.84          2.77  -0.93     2.74

DEGREE DAYS
 HEATING
  YESTERDAY       10            20    -10       19
  MONTH TO DATE  506           559    -53      518
  SINCE MAR 1   1203          1498   -295     1482
  SINCE JUL 1   6293          6906   -613     7127

 COOLING
  YESTERDAY        0             0      0        0
  MONTH TO DATE    0             0      0        0
  SINCE MAR 1      0             0      0        0
  SINCE JAN 1      0             0      0        0
......................................................


WIND (MPH)
  HIGHEST WIND SPEED    24   HIGHEST WIND DIRECTION    SE (140)
  HIGHEST GUST SPEED    27   HIGHEST GUST DIRECTION    SE (140)
  AVERAGE WIND SPEED     6.3


SKY COVER
  AVERAGE SKY COVER 0.5


WEATHER CONDITIONS
 THE FOLLOWING WEATHER WAS RECORDED YESTERDAY.
  THUNDERSTORM


RELATIVE HUMIDITY (PERCENT)
 HIGHEST    89           600 AM
 LOWEST     34           300 PM
 AVERAGE    62

..........................................................




SUNRISE AND SUNSET
APRIL 25 2015.........SUNRISE   602 AM MDT   SUNSET   759 PM MDT
APRIL 26 2015.........SUNRISE   601 AM MDT   SUNSET   800 PM MDT


-  INDICATES NEGATIVE NUMBERS.
R  INDICATES RECORD WAS SET OR TIED.
MM INDICATES DATA IS MISSING.
T  INDICATES TRACE AMOUNT.




$$
