000
CDUS43 KIND 010530
CLIGEZ


CLIMATE REPORT
NATIONAL WEATHER SERVICE INDIANAPOLIS IN
130 AM EDT WED APR 1 2015


...................................

...THE SHELBYVILLE IN CLIMATE SUMMARY FOR MARCH 31 2015...

CLIMATE NORMAL PERIOD 1981 TO 2010
CLIMATE RECORD PERIOD 9999 TO 9999


WEATHER ITEM   OBSERVED TIME   NORMAL DEPARTURE LAST
                VALUE   (LST)  VALUE  FROM      YEAR
                                      NORMAL
......................................................
TEMPERATURE (F)
 YESTERDAY
  MAXIMUM         65    252 PM  58      7       69
  MINIMUM         36   1159 PM  37     -1       36
  AVERAGE         51            48      3       53

PRECIPITATION (IN)
  YESTERDAY        0.00          0.15  -0.15     0.01
  MONTH TO DATE    3.86          3.43   0.43     2.06
  SINCE MAR 1      3.86          3.43   0.43     2.06
  SINCE JAN 1      6.88          8.18  -1.30     5.94

DEGREE DAYS
 HEATING
  YESTERDAY       14            18     -4       12
  MONTH TO DATE  770           721     49      818
  SINCE MAR 1    770           720     50      818
  SINCE JUL 1   5211          4883    328     5316

 COOLING
  YESTERDAY        0             0      0        0
  MONTH TO DATE    0             1     -1        0
  SINCE MAR 1      0             1     -1        0
  SINCE JAN 1      0             1     -1        0
......................................................


WIND (MPH)
  HIGHEST WIND SPEED    26   HIGHEST WIND DIRECTION    NW (310)
  HIGHEST GUST SPEED    33   HIGHEST GUST DIRECTION    NW (310)
  AVERAGE WIND SPEED    13.4


SKY COVER
  AVERAGE SKY COVER 0.2


WEATHER CONDITIONS
 THE FOLLOWING WEATHER WAS RECORDED YESTERDAY.
  NO SIGNIFICANT WEATHER WAS OBSERVED.


RELATIVE HUMIDITY (PERCENT)
 HIGHEST    82          1100 PM
 LOWEST     34           300 PM
 AVERAGE    58

..........................................................


THE SHELBYVILLE IN CLIMATE NORMALS FOR TODAY
                         NORMAL
 MAXIMUM TEMPERATURE (F)   59
 MINIMUM TEMPERATURE (F)   38


SUNRISE AND SUNSET
APRIL  1 2015.........SUNRISE   728 AM EDT   SUNSET   807 PM EDT
APRIL  2 2015.........SUNRISE   726 AM EDT   SUNSET   808 PM EDT


-  INDICATES NEGATIVE NUMBERS.
R  INDICATES RECORD WAS SET OR TIED.
MM INDICATES DATA IS MISSING.
T  INDICATES TRACE AMOUNT.




$$
