000
CDUS41 KALY 280622
CLIGFL


CLIMATE REPORT
NATIONAL WEATHER SERVICE ALBANY NY
221 AM EDT TUE APR 28 2015


...................................

...THE GLENS FALLS NY CLIMATE SUMMARY FOR APRIL 27 2015...

CLIMATE NORMAL PERIOD 1981 TO 2010
CLIMATE RECORD PERIOD 1949 TO 2015


WEATHER ITEM   OBSERVED TIME   RECORD YEAR NORMAL DEPARTURE LAST
                VALUE   (LST)  VALUE       VALUE  FROM      YEAR
                                                  NORMAL
..................................................................
TEMPERATURE (F)
 YESTERDAY
  MAXIMUM         56    207 PM  90    1990  62     -6       50
  MINIMUM         44    540 AM  23    2002  37      7       39
  AVERAGE         50                        49      1       45

PRECIPITATION (IN)
  YESTERDAY        0.01          1.15 1979   0.10  -0.09     0.01
  MONTH TO DATE    1.97                      2.66  -0.69     2.30
  SINCE MAR 1      2.65                      5.60  -2.95     5.02
  SINCE JAN 1      4.70                     10.54  -5.84     9.55

DEGREE DAYS
 HEATING
  YESTERDAY       15                        16     -1       20
  MONTH TO DATE  563                       567     -4      542
  SINCE MAR 1   1745                      1610    135     1852
  SINCE JUL 1   7426                      7230    196     7621

 COOLING
  YESTERDAY        0                         0      0        0
  MONTH TO DATE    0                         0      0        0
  SINCE MAR 1      0                         0      0        0
  SINCE JAN 1      0                         0      0        0
..................................................................


WIND (MPH)
  HIGHEST WIND SPEED    23   HIGHEST WIND DIRECTION     N (10)
  HIGHEST GUST SPEED    30   HIGHEST GUST DIRECTION    NE (30)
  AVERAGE WIND SPEED    10.0


SKY COVER
  AVERAGE SKY COVER 1.0



RELATIVE HUMIDITY (PERCENT)
 HIGHEST    71          1100 PM
 LOWEST     47           100 PM
 AVERAGE    59

..........................................................


THE GLENS FALLS NY CLIMATE NORMALS FOR TODAY
                         NORMAL    RECORD    YEAR
 MAXIMUM TEMPERATURE (F)   62        90      1990
 MINIMUM TEMPERATURE (F)   37        22      1972


SUNRISE AND SUNSET
APRIL 28 2015.........SUNRISE   552 AM EDT   SUNSET   752 PM EDT
APRIL 29 2015.........SUNRISE   551 AM EDT   SUNSET   754 PM EDT


-  INDICATES NEGATIVE NUMBERS.
R  INDICATES RECORD WAS SET OR TIED.
MM INDICATES DATA IS MISSING.
T  INDICATES TRACE AMOUNT.




$$
