000
CDUS45 KGGW 210035
CLIGGW


CLIMATE REPORT
NATIONAL WEATHER SERVICE GLASGOW MT
635 PM MDT MON APR 20 2015


...................................

...THE GLASGOW MT CLIMATE SUMMARY FOR APRIL 20 2015...
VALID TODAY AS OF 0500 PM LOCAL TIME.

CLIMATE NORMAL PERIOD 1981 TO 2010
CLIMATE RECORD PERIOD 1893 TO 2015


WEATHER ITEM   OBSERVED TIME   RECORD YEAR NORMAL DEPARTURE LAST
                VALUE   (LST)  VALUE       VALUE  FROM      YEAR
                                                  NORMAL
..................................................................
TEMPERATURE (F)
 TODAY
  MAXIMUM         59        MM  91    1980  60     -1       66
  MINIMUM         26        MM  13    1927  34     -8       36
  AVERAGE         43                        47     -4       51

PRECIPITATION (IN)
  TODAY            0.00          0.44 1940   0.04  -0.04     0.00
  MONTH TO DATE    0.35                      0.49  -0.14     0.19
  SINCE OCT 1      3.42                      3.09   0.33     2.70
  SINCE JAN 1      2.16                      1.54   0.62     1.25

SNOWFALL (IN)
  TODAY            0.0           3.7  1967   0.1   -0.1      0.0
  MONTH TO DATE    5.3                       1.5    3.8      0.0
  SINCE MAR 1      8.1                       6.2    1.9      6.6
  SINCE JUL 1     43.2                      33.2   10.0     30.4
  SNOW DEPTH       0

DEGREE DAYS
 HEATING
  TODAY           22                        18      4       14
  MONTH TO DATE  417                       437    -20      496
  SINCE MAR 1   1188                      1471   -283     1650
  SINCE JUL 1   7272                      7841   -569     8298

 COOLING
  TODAY            0                         0      0        0
  MONTH TO DATE    0                         0      0        0
  SINCE MAR 1      0                         0      0        0
  SINCE JAN 1      0                         0      0        0
..................................................................


WIND (MPH)
  HIGHEST WIND SPEED    17   HIGHEST WIND DIRECTION     N (350)
  HIGHEST GUST SPEED    24   HIGHEST GUST DIRECTION     N (350)
  AVERAGE WIND SPEED     9.8


SKY COVER
  POSSIBLE SUNSHINE  MM
  AVERAGE SKY COVER 0.3


WEATHER CONDITIONS
 THE FOLLOWING WEATHER WAS RECORDED TODAY.
  NO SIGNIFICANT WEATHER WAS OBSERVED.


RELATIVE HUMIDITY (PERCENT)
 HIGHEST    81           500 AM
 LOWEST     17           300 PM
 AVERAGE    49

..........................................................


THE GLASGOW MT CLIMATE NORMALS FOR TOMORROW
                         NORMAL    RECORD    YEAR
 MAXIMUM TEMPERATURE (F)   60        89      1942
 MINIMUM TEMPERATURE (F)   34        12      2008


SUNRISE AND SUNSET
APRIL 20 2015.........SUNRISE   608 AM MDT   SUNSET   804 PM MDT
APRIL 21 2015.........SUNRISE   606 AM MDT   SUNSET   806 PM MDT


-  INDICATES NEGATIVE NUMBERS.
R  INDICATES RECORD WAS SET OR TIED.
MM INDICATES DATA IS MISSING.
T  INDICATES TRACE AMOUNT.




$$
