000
CDUS42 KJAX 272145
CLIGNV


CLIMATE REPORT
NATIONAL WEATHER SERVICE JACKSONVILLE FL
544 PM EDT MON APR 27 2015


...................................

...THE GAINESVILLE CLIMATE SUMMARY FOR APRIL 27 2015...
VALID TODAY AS OF 0500 PM LOCAL TIME.

CLIMATE NORMAL PERIOD 1981 TO 2010
CLIMATE RECORD PERIOD 1890 TO 2015


WEATHER ITEM   OBSERVED TIME   RECORD YEAR NORMAL DEPARTURE LAST
                VALUE   (LST)  VALUE       VALUE  FROM      YEAR
                                                  NORMAL
..................................................................
TEMPERATURE (F)
 TODAY
  MAXIMUM         79   1132 AM  96    2011  83     -4       89
  MINIMUM         73    844 AM  43    2001  57     16       59
  AVERAGE         76                        70      6       74

PRECIPITATION (IN)
  TODAY            0.06          2.35 1997   0.08  -0.02     0.00
  MONTH TO DATE    2.90                      2.45   0.45     1.37
  SINCE MAR 1      4.07                      6.78  -2.71     6.87
  SINCE JAN 1      9.33                     13.29  -3.96    16.44

SNOWFALL (IN)
  TODAY            0.0           0.0    MM   0.0    0.0      0.0
  MONTH TO DATE    0.0                       0.0    0.0      0.0
  SINCE MAR 1      0.0                       0.0    0.0      0.0
  SINCE JUL 1      0.0                       0.0    0.0      0.0
  SNOW DEPTH       0

DEGREE DAYS
 HEATING
  TODAY            0                         1     -1        0
  MONTH TO DATE    0                        42    -42       20
  SINCE MAR 1     60                       179   -119      183
  SINCE JUL 1   1211                      1213     -2     1093

 COOLING
  TODAY           11                         6      5        9
  MONTH TO DATE  231                       103    128      109
  SINCE MAR 1    370                       157    213      134
  SINCE JAN 1    385                       189    196      171
..................................................................


WIND (MPH)
  HIGHEST WIND SPEED    14   HIGHEST WIND DIRECTION     W (250)
  HIGHEST GUST SPEED    17   HIGHEST GUST DIRECTION     W (250)
  AVERAGE WIND SPEED     8.1


SKY COVER
  POSSIBLE SUNSHINE  MM
  AVERAGE SKY COVER 0.4


WEATHER CONDITIONS
 THE FOLLOWING WEATHER WAS RECORDED TODAY.
  RAIN
  LIGHT RAIN
  FOG


RELATIVE HUMIDITY (PERCENT)
 HIGHEST    93          1200 AM
 LOWEST     74          1200 PM
 AVERAGE    84

..........................................................


THE GAINESVILLE CLIMATE NORMALS FOR TOMORROW
                         NORMAL    RECORD    YEAR
 MAXIMUM TEMPERATURE (F)   83        95      1991
 MINIMUM TEMPERATURE (F)   57        41      1978


SUNRISE AND SUNSET
APRIL 27 2015.........SUNRISE   651 AM EDT   SUNSET   803 PM EDT
APRIL 28 2015.........SUNRISE   650 AM EDT   SUNSET   804 PM EDT


-  INDICATES NEGATIVE NUMBERS.
R  INDICATES RECORD WAS SET OR TIED.
MM INDICATES DATA IS MISSING.
T  INDICATES TRACE AMOUNT.




$$
