000
CDUS43 KGID 260735
CLIGRI

CLIMATE REPORT
NATIONAL WEATHER SERVICE HASTINGS NE
235 AM CDT SUN APR 26 2015


...................................

...THE GRAND ISLAND NE CLIMATE SUMMARY FOR APRIL 25 2015...

CLIMATE NORMAL PERIOD 1981 TO 2010
CLIMATE RECORD PERIOD 1895 TO 2015


WEATHER ITEM   OBSERVED TIME   RECORD YEAR NORMAL DEPARTURE LAST
                VALUE   (LST)  VALUE       VALUE  FROM      YEAR
                                                  NORMAL
..................................................................
TEMPERATURE (F)
 YESTERDAY
  MAXIMUM         56   1223 AM  92    1981  66    -10       79
  MINIMUM         48   1159 PM  27    2002  42      6       42
  AVERAGE         52                        54     -2       61

PRECIPITATION (IN)
  YESTERDAY        0.38          2.61 1964   0.10   0.28     0.00
  MONTH TO DATE    2.14                      2.01   0.13     2.65
  SINCE MAR 1      2.30                      3.81  -1.51     2.84
  SINCE JAN 1      3.47                      5.02  -1.55     3.49

SNOWFALL (IN)
  YESTERDAY        0.0           0.6  1931   0.0    0.0      0.0
  MONTH TO DATE    0.8                       1.4   -0.6      1.7
  SINCE MAR 1      1.4                       6.8   -5.4      2.9
  SINCE JUL 1     24.3                      28.9   -4.6     16.4
  SNOW DEPTH       0

DEGREE DAYS
 HEATING
  YESTERDAY       13                        12      1        4
  MONTH TO DATE  318                       392    -74      331
  SINCE MAR 1    966                      1188   -222     1185
  SINCE JUL 1   5703                      5949   -246     6020

 COOLING
  YESTERDAY        0                         1     -1        0
  MONTH TO DATE    4                         6     -2        4
  SINCE MAR 1      4                         6     -2        4
  SINCE JAN 1      4                         6     -2        4
..................................................................


WIND (MPH)
  HIGHEST WIND SPEED    18   HIGHEST WIND DIRECTION     E (80)
  HIGHEST GUST SPEED    26   HIGHEST GUST DIRECTION    NE (30)
  AVERAGE WIND SPEED    11.9


SKY COVER
  AVERAGE SKY COVER 1.0


WEATHER CONDITIONS
 THE FOLLOWING WEATHER WAS RECORDED YESTERDAY.
  THUNDERSTORM
  RAIN
  LIGHT RAIN
  FOG
  HAZE


RELATIVE HUMIDITY (PERCENT)
 HIGHEST   100           400 AM
 LOWEST     83           500 PM
 AVERAGE    92

..........................................................


THE GRAND ISLAND NE CLIMATE NORMALS FOR TODAY
                         NORMAL    RECORD    YEAR
 MAXIMUM TEMPERATURE (F)   67        96      1989
 MINIMUM TEMPERATURE (F)   42        25      1904


SUNRISE AND SUNSET
APRIL 26 2015.........SUNRISE   638 AM CDT   SUNSET   824 PM CDT
APRIL 27 2015.........SUNRISE   637 AM CDT   SUNSET   826 PM CDT


-  INDICATES NEGATIVE NUMBERS.
R  INDICATES RECORD WAS SET OR TIED.
MM INDICATES DATA IS MISSING.
T  INDICATES TRACE AMOUNT.




$$
