000
CDUS44 KJAN 062112
CLIHBG


CLIMATE REPORT
NATIONAL WEATHER SERVICE JACKSON MS
411 PM CDT WED MAY 6 2015


...................................

...THE HATTIESBURG CLIMATE SUMMARY FOR MAY 6 2015...
VALID TODAY AS OF 0400 PM LOCAL TIME.

CLIMATE NORMAL PERIOD 1981 TO 2010
CLIMATE RECORD PERIOD 1948 TO 2015


WEATHER ITEM   OBSERVED TIME   RECORD YEAR NORMAL DEPARTURE LAST
                VALUE   (LST)  VALUE       VALUE  FROM      YEAR
                                                  NORMAL
..................................................................
TEMPERATURE (F)
 TODAY
  MAXIMUM         86    154 PM  94    1952  84      2       86
  MINIMUM         56    526 AM  44    1957  59     -3       54
  AVERAGE         71                        71      0       70

PRECIPITATION (IN)
  TODAY            0.00          1.12 1960   0.17  -0.17     0.00
  MONTH TO DATE    0.00                      0.96  -0.96     0.00
  SINCE MAR 1      9.08                     11.39  -2.31    12.61
  SINCE JAN 1     16.91                     22.52  -5.61    22.51

SNOWFALL (IN)
  TODAY            0.0

DEGREE DAYS
 HEATING
  TODAY            0                         0      0        0
  MONTH TO DATE    1                         5     -4        6
  SINCE MAR 1    131                       305   -174      348
  SINCE JUL 1   1912                      1983    -71     2271

 COOLING
  TODAY            6                         7     -1        5
  MONTH TO DATE   20                        36    -16       18
  SINCE MAR 1    293                       161    132      126
  SINCE JAN 1    299                       176    123      143
..................................................................


WIND (MPH)
  HIGHEST WIND SPEED    14   HIGHEST WIND DIRECTION     E (100)
  HIGHEST GUST SPEED    19   HIGHEST GUST DIRECTION    SE (120)
  AVERAGE WIND SPEED     4.1


SKY COVER
  POSSIBLE SUNSHINE  MM
  AVERAGE SKY COVER 0.2


WEATHER CONDITIONS
 THE FOLLOWING WEATHER WAS RECORDED TODAY.
  NO SIGNIFICANT WEATHER WAS OBSERVED.


RELATIVE HUMIDITY (PERCENT)
 HIGHEST   100           500 AM
 LOWEST     42           200 PM
 AVERAGE    71

..........................................................


THE HATTIESBURG CLIMATE NORMALS FOR TOMORROW
                         NORMAL    RECORD    YEAR
 MAXIMUM TEMPERATURE (F)   84        94      1963
 MINIMUM TEMPERATURE (F)   59        44      1992


SUNRISE AND SUNSET
MAY  6 2015...........SUNRISE   608 AM CDT   SUNSET   740 PM CDT
MAY  7 2015...........SUNRISE   607 AM CDT   SUNSET   740 PM CDT


-  INDICATES NEGATIVE NUMBERS.
R  INDICATES RECORD WAS SET OR TIED.
MM INDICATES DATA IS MISSING.
T  INDICATES TRACE AMOUNT.




$$
