000
CDUS45 KTFX 251027
CLIHLN


CLIMATE REPORT
NATIONAL WEATHER SERVICE GREAT FALLS MT
426 AM MDT SAT APR 25 2015


...................................

...THE HELENA MT CLIMATE SUMMARY FOR APRIL 24 2015...

CLIMATE NORMAL PERIOD 1981 TO 2010
CLIMATE RECORD PERIOD 1866 TO 2015


WEATHER ITEM   OBSERVED TIME   RECORD YEAR NORMAL DEPARTURE LAST
                VALUE   (LST)  VALUE       VALUE  FROM      YEAR
                                                  NORMAL
..................................................................
TEMPERATURE (F)
 YESTERDAY
  MAXIMUM         50    540 PM  83    1910  60    -10       57
  MINIMUM         41    532 AM  16    2009  34      7       35
  AVERAGE         46                        47     -1       46

PRECIPITATION (IN)
  YESTERDAY        0.05          1.09 1900   0.04   0.01     0.05
  MONTH TO DATE    0.42                      0.75  -0.33     0.31
  SINCE OCT 1      3.87                      3.57   0.30     4.64
  SINCE JAN 1      1.59                      2.00  -0.41     3.64

SNOWFALL (IN)
  YESTERDAY        0.0           3.2  1964   0.1   -0.1      0.0
  MONTH TO DATE    T                         3.1   -3.1       T
  SINCE MAR 1      T                         9.3   -9.3      3.8
  SINCE JUL 1     24.3                      36.6  -12.3     41.8
  SNOW DEPTH       0

DEGREE DAYS
 HEATING
  YESTERDAY       19                        18      1       19
  MONTH TO DATE  476                       502    -26      453
  SINCE MAR 1   1097                      1393   -296     1381
  SINCE JUL 1   6105                      6954   -849     6897

 COOLING
  YESTERDAY        0                         0      0        0
  MONTH TO DATE    0                         0      0        0
  SINCE MAR 1      0                         0      0        0
  SINCE JAN 1      0                         0      0        0
..................................................................


WIND (MPH)
  HIGHEST WIND SPEED    22   HIGHEST WIND DIRECTION     W (270)
  HIGHEST GUST SPEED    29   HIGHEST GUST DIRECTION     W (270)
  AVERAGE WIND SPEED     6.2


SKY COVER
  AVERAGE SKY COVER 0.8


WEATHER CONDITIONS
 THE FOLLOWING WEATHER WAS RECORDED YESTERDAY.
  LIGHT RAIN


RELATIVE HUMIDITY (PERCENT)
 HIGHEST    71           200 PM
 LOWEST     46           100 AM
 AVERAGE    59

..........................................................


THE HELENA MT CLIMATE NORMALS FOR TODAY
                         NORMAL    RECORD    YEAR
 MAXIMUM TEMPERATURE (F)   61        86      1910
 MINIMUM TEMPERATURE (F)   34        19      1880


SUNRISE AND SUNSET
APRIL 25 2015.........SUNRISE   624 AM MDT   SUNSET   829 PM MDT
APRIL 26 2015.........SUNRISE   622 AM MDT   SUNSET   831 PM MDT


-  INDICATES NEGATIVE NUMBERS.
R  INDICATES RECORD WAS SET OR TIED.
MM INDICATES DATA IS MISSING.
T  INDICATES TRACE AMOUNT.




$$
