000
CDUS43 KIND 040535
CLIHUF


CLIMATE REPORT
NATIONAL WEATHER SERVICE INDIANAPOLIS IN
135 AM EDT MON MAY 4 2015


...................................

...THE TERRE HAUTE IN CLIMATE SUMMARY FOR MAY 3 2015...

CLIMATE NORMAL PERIOD 1981 TO 2010
CLIMATE RECORD PERIOD 9999 TO 9999


WEATHER ITEM   OBSERVED TIME   NORMAL DEPARTURE LAST
                VALUE   (LST)  VALUE  FROM      YEAR
                                      NORMAL
......................................................
TEMPERATURE (F)
 YESTERDAY
  MAXIMUM         79    512 PM  70      9       70
  MINIMUM         52    249 AM  48      4       47
  AVERAGE         66            59      7       59

PRECIPITATION (IN)
  YESTERDAY        0.00          0.24  -0.24      T
  MONTH TO DATE    0.00          0.69  -0.69      T
  SINCE MAR 1      8.02          8.21  -0.19     8.03
  SINCE JAN 1     10.92         12.50  -1.58    12.06

DEGREE DAYS
 HEATING
  YESTERDAY        0             7     -7        6
  MONTH TO DATE   15            21     -6       38
  SINCE MAR 1   1134          1078     56     1214
  SINCE JUL 1   5768          5241    527     5949

 COOLING
  YESTERDAY        1             1      0        0
  MONTH TO DATE    1             3     -2        0
  SINCE MAR 1      7            18    -11        6
  SINCE JAN 1      7            18    -11        6
......................................................


WIND (MPH)
  HIGHEST WIND SPEED    20   HIGHEST WIND DIRECTION     S (190)
  HIGHEST GUST SPEED    26   HIGHEST GUST DIRECTION    SW (240)
  AVERAGE WIND SPEED     8.3


SKY COVER
  AVERAGE SKY COVER 0.1


WEATHER CONDITIONS
 THE FOLLOWING WEATHER WAS RECORDED YESTERDAY.
  NO SIGNIFICANT WEATHER WAS OBSERVED.


RELATIVE HUMIDITY (PERCENT)
 HIGHEST    77           100 AM
 LOWEST     32           200 PM
 AVERAGE    55

..........................................................


THE TERRE HAUTE IN CLIMATE NORMALS FOR TODAY
                         NORMAL
 MAXIMUM TEMPERATURE (F)   70
 MINIMUM TEMPERATURE (F)   48


SUNRISE AND SUNSET
MAY  4 2015...........SUNRISE   647 AM EDT   SUNSET   846 PM EDT
MAY  5 2015...........SUNRISE   646 AM EDT   SUNSET   846 PM EDT


-  INDICATES NEGATIVE NUMBERS.
R  INDICATES RECORD WAS SET OR TIED.
MM INDICATES DATA IS MISSING.
T  INDICATES TRACE AMOUNT.




$$
