000
CDUS43 KUNR 200838
CLIICR


CLIMATE REPORT
NATIONAL WEATHER SERVICE RAPID CITY SD
237 AM MDT MON APR 20 2015


...................................

...THE WINNER REGIONAL AIRPORT SD CLIMATE SUMMARY FOR APRIL 19 2015...

CLIMATE NORMAL PERIOD 1981 TO 2010
CLIMATE RECORD PERIOD 9999 TO 9999


WEATHER ITEM   OBSERVED TIME   NORMAL DEPARTURE LAST
                VALUE   (LST)  VALUE  FROM      YEAR
                                      NORMAL
......................................................
TEMPERATURE (F)
 YESTERDAY
  MAXIMUM         54    340 PM  61     -7       70
  MINIMUM         35   1159 PM  37     -2       44
  AVERAGE         45            49     -4       57

PRECIPITATION (IN)
  YESTERDAY        0.01          0.09  -0.08     0.00
  MONTH TO DATE    0.64          1.37  -0.73     0.14
  SINCE MAR 1      0.75          2.75  -2.00     0.18
  SINCE JAN 1      0.84          3.51  -2.67     0.26

DEGREE DAYS
 HEATING
  YESTERDAY       20            16      4        8
  MONTH TO DATE  264           365   -101      369
  SINCE MAR 1    889          1241   -352     1319
  SINCE JUL 1   5649          6250   -601     6652

 COOLING
  YESTERDAY        0             0      0        0
  MONTH TO DATE    0             0      0        2
  SINCE MAR 1      6             0      6        2
  SINCE JAN 1      6             0      6        2
......................................................


WIND (MPH)
  HIGHEST WIND SPEED    36   HIGHEST WIND DIRECTION    NW (330)
  HIGHEST GUST SPEED    45   HIGHEST GUST DIRECTION     N (350)
  AVERAGE WIND SPEED    22.0


SKY COVER
  AVERAGE SKY COVER 0.7


WEATHER CONDITIONS
 THE FOLLOWING WEATHER WAS RECORDED YESTERDAY.
  LIGHT RAIN
  FOG


RELATIVE HUMIDITY (PERCENT)
 HIGHEST    86          1200 AM
 LOWEST     35           400 PM
 AVERAGE    61

..........................................................




SUNRISE AND SUNSET
APRIL 20 2015.........SUNRISE   649 AM CDT   SUNSET   828 PM CDT
APRIL 21 2015.........SUNRISE   648 AM CDT   SUNSET   829 PM CDT


-  INDICATES NEGATIVE NUMBERS.
R  INDICATES RECORD WAS SET OR TIED.
MM INDICATES DATA IS MISSING.
T  INDICATES TRACE AMOUNT.




$$
