000
CDUS41 KPHI 030646
CLIILG


CLIMATE REPORT
NATIONAL WEATHER SERVICE MOUNT HOLLY NJ
245 AM EDT SUN MAY 3 2015


...................................

...THE WILMINGTON DE CLIMATE SUMMARY FOR MAY 2 2015...

CLIMATE NORMAL PERIOD 1981 TO 2010
CLIMATE RECORD PERIOD 1894 TO 2015


WEATHER ITEM   OBSERVED TIME   RECORD YEAR NORMAL DEPARTURE LAST
                VALUE   (LST)  VALUE       VALUE  FROM      YEAR
                                                  NORMAL
..................................................................
TEMPERATURE (F)
 YESTERDAY
  MAXIMUM         71    419 PM  90    1894  69      2       69
  MINIMUM         44    400 AM  34    1943  48     -4       54
  AVERAGE         58                        58      0       62

PRECIPITATION (IN)
  YESTERDAY        0.00          1.68 1989   0.11  -0.11     0.00
  MONTH TO DATE    0.00                      0.22  -0.22     0.34
  SINCE MAR 1      9.68                      7.64   2.04    11.00
  SINCE JAN 1     16.29                     13.33   2.96    19.58

SNOWFALL (IN)
  YESTERDAY        0.0           0.0  1894   0.0    0.0      0.0
  MONTH TO DATE    0.0                       0.0    0.0      0.0
  SINCE MAR 1      8.6                       2.2    6.4      7.7
  SINCE JUL 1     23.4                      20.2    3.2     56.1
  SNOW DEPTH       0

DEGREE DAYS
 HEATING
  YESTERDAY        7                         7      0        3
  MONTH TO DATE   17                        14      3        3
  SINCE MAR 1   1179                      1060    119     1197
  SINCE JUL 1   5018                      4683    335     5052

 COOLING
  YESTERDAY        0                         1     -1        0
  MONTH TO DATE    0                         2     -2        3
  SINCE MAR 1      4                        14    -10       10
  SINCE JAN 1      4                        14    -10       10
..................................................................


WIND (MPH)
  HIGHEST WIND SPEED    20   HIGHEST WIND DIRECTION     S (170)
  HIGHEST GUST SPEED    25   HIGHEST GUST DIRECTION     S (170)
  AVERAGE WIND SPEED     6.4


SKY COVER
  POSSIBLE SUNSHINE  MM
  AVERAGE SKY COVER 0.4


WEATHER CONDITIONS
 THE FOLLOWING WEATHER WAS RECORDED YESTERDAY.
  NO SIGNIFICANT WEATHER WAS OBSERVED.


RELATIVE HUMIDITY (PERCENT)
 HIGHEST    93           500 AM
 LOWEST     38           300 PM
 AVERAGE    66

..........................................................


THE WILMINGTON DE CLIMATE NORMALS FOR TODAY
                         NORMAL    RECORD    YEAR
 MAXIMUM TEMPERATURE (F)   69        88      1894
 MINIMUM TEMPERATURE (F)   48        33      2005
                                             1941


SUNRISE AND SUNSET
MAY  3 2015...........SUNRISE   601 AM EDT   SUNSET   758 PM EDT
MAY  4 2015...........SUNRISE   600 AM EDT   SUNSET   759 PM EDT


-  INDICATES NEGATIVE NUMBERS.
R  INDICATES RECORD WAS SET OR TIED.
MM INDICATES DATA IS MISSING.
T  INDICATES TRACE AMOUNT.




$$
