000
CDUS42 KILM 050850
CLIILM


CLIMATE REPORT
NATIONAL WEATHER SERVICE WILMINGTON NC
450 AM EDT TUE MAY 5 2015


...................................

...THE WILMINGTON NC CLIMATE SUMMARY FOR MAY 4 2015...

CLIMATE NORMAL PERIOD 1981 TO 2010
CLIMATE RECORD PERIOD 1871 TO 2015


WEATHER ITEM   OBSERVED TIME   RECORD YEAR NORMAL DEPARTURE LAST
                VALUE   (LST)  VALUE       VALUE  FROM      YEAR
                                                  NORMAL
..................................................................
TEMPERATURE (F)
 YESTERDAY
  MAXIMUM         80   1118 AM  92    1913  78      2       85
  MINIMUM         51    552 AM  42    1986  56     -5       58
                                      1971
                                      1876
  AVERAGE         66                        67     -1       72

PRECIPITATION (IN)
  YESTERDAY        0.00          1.51 1910   0.12  -0.12     0.00
  MONTH TO DATE    0.18                      0.46  -0.28     0.01
  SINCE MAR 1      5.77                      7.49  -1.72    11.30
  SINCE JAN 1     15.09                     14.87   0.22    16.76

DEGREE DAYS
 HEATING
  YESTERDAY        0                         2     -2        0
  MONTH TO DATE   10                         8      2        0
  SINCE MAR 1    414                       461    -47      498
  SINCE JUL 1   2597                      2390    207     2432

 COOLING
  YESTERDAY        1                         4     -3        7
  MONTH TO DATE    1                        16    -15       26
  SINCE MAR 1     84                        99    -15      136
  SINCE JAN 1     90                       104    -14      141
..................................................................


WIND (MPH)
  HIGHEST WIND SPEED    17   HIGHEST WIND DIRECTION     S (170)
  HIGHEST GUST SPEED    26   HIGHEST GUST DIRECTION     S (160)
  AVERAGE WIND SPEED     4.5


SKY COVER
  POSSIBLE SUNSHINE  MM
  AVERAGE SKY COVER 0.0


WEATHER CONDITIONS
 THE FOLLOWING WEATHER WAS RECORDED YESTERDAY.
  NO SIGNIFICANT WEATHER WAS OBSERVED.


RELATIVE HUMIDITY (PERCENT)
 HIGHEST   100           400 AM
 LOWEST     38           500 PM
 AVERAGE    69

..........................................................


THE WILMINGTON NC CLIMATE NORMALS FOR TODAY
                         NORMAL    RECORD    YEAR
 MAXIMUM TEMPERATURE (F)   79        92      2012
                                             1952
 MINIMUM TEMPERATURE (F)   57        44      1997
                                             1940


SUNRISE AND SUNSET
MAY  5 2015...........SUNRISE   618 AM EDT   SUNSET   759 PM EDT
MAY  6 2015...........SUNRISE   617 AM EDT   SUNSET   800 PM EDT


-  INDICATES NEGATIVE NUMBERS.
R  INDICATES RECORD WAS SET OR TIED.
MM INDICATES DATA IS MISSING.
T  INDICATES TRACE AMOUNT.




$$
