000
CDUS43 KIND 280532
CLIIND


CLIMATE REPORT
NATIONAL WEATHER SERVICE INDIANAPOLIS IN
132 AM EDT TUE APR 28 2015


...................................

...THE INDIANAPOLIS IN CLIMATE SUMMARY FOR APRIL 27 2015...

CLIMATE NORMAL PERIOD 1981 TO 2010
CLIMATE RECORD PERIOD 1871 TO 2015


WEATHER ITEM   OBSERVED TIME   RECORD YEAR NORMAL DEPARTURE LAST
                VALUE   (LST)  VALUE       VALUE  FROM      YEAR
                                                  NORMAL
..................................................................
TEMPERATURE (F)
 YESTERDAY
  MAXIMUM         58        MM  84    1990  67     -9       72
                                      1986
                                      1962
  MINIMUM         35        MM  30    1976  47    -12       47
                                      1946
  AVERAGE         47                        57    -10       60

PRECIPITATION (IN)
  YESTERDAY        0.00          1.56 2002   0.13  -0.13      T
  MONTH TO DATE    4.00                      3.39   0.61     4.63
  SINCE MAR 1      7.53                      6.95   0.58     7.01
  SINCE JAN 1     10.68                     11.93  -1.25    11.80

SNOWFALL (IN)
  YESTERDAY        0.0           T    1932   0.0    0.0      0.0
  MONTH TO DATE    T                         0.2   -0.2      0.3
  SINCE MAR 1      5.9                       2.8    3.1      3.4
  SINCE JUL 1     25.6                      25.9   -0.3     55.7
  SNOW DEPTH       0

DEGREE DAYS
 HEATING
  YESTERDAY       18                         9      9        5
  MONTH TO DATE  276                       346    -70      334
  SINCE MAR 1   1066                      1053     13     1233
  SINCE JUL 1   5792                      5196    596     6030

 COOLING
  YESTERDAY        0                         1     -1        0
  MONTH TO DATE    6                        10     -4        4
  SINCE MAR 1      6                        12     -6        4
  SINCE JAN 1      6                        12     -6        4
..................................................................


WIND (MPH)
  HIGHEST WIND SPEED    17   HIGHEST WIND DIRECTION     N (360)
  HIGHEST GUST SPEED    25   HIGHEST GUST DIRECTION     N (340)
  AVERAGE WIND SPEED    11.2


SKY COVER
  AVERAGE SKY COVER 0.4


WEATHER CONDITIONS
 THE FOLLOWING WEATHER WAS RECORDED YESTERDAY.
  NO SIGNIFICANT WEATHER WAS OBSERVED.


RELATIVE HUMIDITY (PERCENT)
 HIGHEST    76           700 AM
 LOWEST     47           200 PM
 AVERAGE    62

..........................................................


THE INDIANAPOLIS IN CLIMATE NORMALS FOR TODAY
                         NORMAL    RECORD    YEAR
 MAXIMUM TEMPERATURE (F)   68        86      1894
 MINIMUM TEMPERATURE (F)   47        28      1976


SUNRISE AND SUNSET
APRIL 28 2015.........SUNRISE   650 AM EDT   SUNSET   836 PM EDT
APRIL 29 2015.........SUNRISE   649 AM EDT   SUNSET   837 PM EDT


-  INDICATES NEGATIVE NUMBERS.
R  INDICATES RECORD WAS SET OR TIED.
MM INDICATES DATA IS MISSING.
T  INDICATES TRACE AMOUNT.




$$
