000
CDUS43 KGLD 270800
CLIITR

CLIMATE REPORT
NATIONAL WEATHER SERVICE GOODLAND
157 AM MDT MON APR 27 2015

...................................

...THE BURLINGTON CO CLIMATE SUMMARY FOR APRIL 26 2015...

CLIMATE NORMAL PERIOD 1981 TO 2010
CLIMATE RECORD PERIOD 1896 TO 2015


WEATHER ITEM   OBSERVED TIME   RECORD YEAR NORMAL DEPARTURE LAST
                VALUE   (LST)  VALUE       VALUE  FROM      YEAR
                                                  NORMAL
..................................................................
TEMPERATURE (F)
 YESTERDAY
  MAXIMUM         50   1208 AM  89    1981  65    -15       85
  MINIMUM         42   1044 AM  20    1924  37      5       41
  AVERAGE         46                        51     -5       63

PRECIPITATION (IN)
  YESTERDAY        0.20                      0.07   0.13     0.00
  MONTH TO DATE    2.36                      1.20   1.16     0.36
  SINCE MAR 1      2.68                      2.09   0.59     0.57
  SINCE JAN 1      3.82                      2.89   0.93     1.27

..................................................................


THE BURLINGTON CO CLIMATE NORMALS FOR TODAY
                         NORMAL    RECORD    YEAR
 MAXIMUM TEMPERATURE (F)   66        90      1981
 MINIMUM TEMPERATURE (F)   37        21      1994
                                             1984


-  INDICATES NEGATIVE NUMBERS.
R  INDICATES RECORD WAS SET OR TIED.
MM INDICATES DATA IS MISSING.
T  INDICATES TRACE AMOUNT.

$$
