000
CDUS42 KJAX 030532
CLIJAX


CLIMATE REPORT
NATIONAL WEATHER SERVICE JACKSONVILLE FL
131 AM EDT SUN MAY 3 2015


...................................

...THE JACKSONVILLE CLIMATE SUMMARY FOR MAY 2 2015...

CLIMATE NORMAL PERIOD 1981 TO 2010
CLIMATE RECORD PERIOD 1871 TO 2015


WEATHER ITEM   OBSERVED TIME   RECORD YEAR NORMAL DEPARTURE LAST
                VALUE   (LST)  VALUE       VALUE  FROM      YEAR
                                                  NORMAL
..................................................................
TEMPERATURE (F)
 YESTERDAY
  MAXIMUM         77    147 PM  95    1990  83     -6       69
  MINIMUM         49    502 AM  47    2006  59    -10       60
  AVERAGE         63                        70     -7       65

PRECIPITATION (IN)
  YESTERDAY        0.00          2.28 1964   0.06  -0.06     0.61
  MONTH TO DATE    0.00                      0.12  -0.12     0.94
  SINCE MAR 1      4.96                      6.71  -1.75    11.58
  SINCE JAN 1     11.36                     13.20  -1.84    21.29

SNOWFALL (IN)
  YESTERDAY        0.0           0.0  2002   0.0    0.0      0.0
                                      2001
  MONTH TO DATE    0.0                       0.0    0.0      0.0
  SINCE MAR 1      0.0                       T      0.0      0.0
  SINCE JUL 1      T                         T      0.0      0.0
  SNOW DEPTH       0

DEGREE DAYS
 HEATING
  YESTERDAY        2                         1      1        0
  MONTH TO DATE    2                         2      0        0
  SINCE MAR 1     89                       213   -124      226
  SINCE JUL 1   1337                      1346     -9     1303

 COOLING
  YESTERDAY        0                         6     -6        0
  MONTH TO DATE    1                        12    -11       11
  SINCE MAR 1    324                       179    145      180
  SINCE JAN 1    337                       208    129      210
..................................................................


WIND (MPH)
  HIGHEST WIND SPEED    15   HIGHEST WIND DIRECTION    NE (50)
  HIGHEST GUST SPEED    19   HIGHEST GUST DIRECTION    NE (50)
  AVERAGE WIND SPEED     5.2


SKY COVER
  POSSIBLE SUNSHINE  MM
  AVERAGE SKY COVER 0.1


WEATHER CONDITIONS
 THE FOLLOWING WEATHER WAS RECORDED YESTERDAY.
  NO SIGNIFICANT WEATHER WAS OBSERVED.


RELATIVE HUMIDITY (PERCENT)
 HIGHEST    93           400 AM
 LOWEST     36           500 PM
 AVERAGE    65

..........................................................


THE JACKSONVILLE CLIMATE NORMALS FOR TODAY
                         NORMAL    RECORD    YEAR
 MAXIMUM TEMPERATURE (F)   83        94      2002
 MINIMUM TEMPERATURE (F)   59        47      1981


SUNRISE AND SUNSET
MAY  3 2015...........SUNRISE   642 AM EDT   SUNSET   806 PM EDT
MAY  4 2015...........SUNRISE   641 AM EDT   SUNSET   807 PM EDT


-  INDICATES NEGATIVE NUMBERS.
R  INDICATES RECORD WAS SET OR TIED.
MM INDICATES DATA IS MISSING.
T  INDICATES TRACE AMOUNT.




$$
