000
CDAK47 PAJK 011119
CLIJNU
AKZ025-012300-
CLIMATE REPORT
NATIONAL WEATHER SERVICE JUNEAU, AK
315 AM AKDT WED APR 1 2015


...................................

...THE JUNEAU CLIMATE SUMMARY FOR MARCH 31 2015...

CLIMATE NORMAL PERIOD 1981 TO 2010
CLIMATE RECORD PERIOD 1943 TO 2015


WEATHER ITEM   OBSERVED TIME   RECORD YEAR NORMAL DEPARTURE LAST
                VALUE   (LST)  VALUE       VALUE  FROM      YEAR
                                                  NORMAL
..................................................................
TEMPERATURE (F)
 YESTERDAY
  MAXIMUM         44    405 PM  52    1981  44      0       48
  MINIMUM         38    727 AM   9    1963  30      8       28
  AVERAGE         41                        37      4       38

PRECIPITATION (IN)
  YESTERDAY        0.20          0.80 2000   0.11   0.09     0.00
  MONTH TO DATE    4.52                      3.78   0.74     3.45
  SINCE MAR 1      4.52                      3.78   0.74     3.45
  SINCE JAN 1     20.12                     13.26   6.86    15.58

SNOWFALL (IN)
  YESTERDAY        0.0           4.4  1975   0.2   -0.2      0.0
  MONTH TO DATE    9.9                      11.6   -1.7      6.0
  SINCE MAR 1      9.9                      11.6   -1.7      6.0
  SINCE JUL 1     48.6                      85.6  -37.0     96.8
  SNOW DEPTH       0

DEGREE DAYS
 HEATING
  YESTERDAY       24                        28     -4       27
  MONTH TO DATE  857                       966   -109     1032
  SINCE MAR 1    857                       967   -110     1032
  SINCE JUL 1   6078                      6804   -726     6673

 COOLING
  YESTERDAY        0                         0      0        0
  MONTH TO DATE    0                         0      0        0
  SINCE MAR 1      0                         0      0        0
  SINCE JAN 1      0                         0      0        0
..................................................................


WIND (MPH)
  HIGHEST WIND SPEED    28   HIGHEST WIND DIRECTION    SE (130)
  HIGHEST GUST SPEED    34   HIGHEST GUST DIRECTION    SE (130)
  AVERAGE WIND SPEED    14.1


SKY COVER
  POSSIBLE SUNSHINE  MM
  AVERAGE SKY COVER 1.0


WEATHER CONDITIONS
 THE FOLLOWING WEATHER WAS RECORDED YESTERDAY.
  LIGHT RAIN
  FOG


RELATIVE HUMIDITY (PERCENT)
 HIGHEST    93           800 PM
 LOWEST     76           300 PM
 AVERAGE    85

..........................................................


THE JUNEAU CLIMATE NORMALS FOR TODAY
                         NORMAL    RECORD    YEAR
 MAXIMUM TEMPERATURE (F)   44        56      1958
 MINIMUM TEMPERATURE (F)   31        14      1948


SUNRISE AND SUNSET
APRIL  1 2015.........SUNRISE   626 AM AKDT  SUNSET   740 PM AKDT
APRIL  2 2015.........SUNRISE   623 AM AKDT  SUNSET   742 PM AKDT


-  INDICATES NEGATIVE NUMBERS.
R  INDICATES RECORD WAS SET OR TIED.
MM INDICATES DATA IS MISSING.
T  INDICATES TRACE AMOUNT.




$$


&&
----------------------------
AMOUNT OF DAYLIGHT TODAY  (HOUR:MIN)........13:14
GAIN/LOSS SINCE YESTERDAY (HOUR:MIN:SEC)....+0:05:06
