000
CDUS41 KCTP 242117
CLIJST


CLIMATE REPORT
NATIONAL WEATHER SERVICE STATE COLLEGE PA
516 PM EDT FRI APR 24 2015


...................................

...THE JOHNSTOWN CLIMATE SUMMARY FOR APRIL 24 2015...
VALID TODAY AS OF 0500 PM LOCAL TIME.

CLIMATE NORMAL PERIOD 1981 TO 2010
CLIMATE RECORD PERIOD 2000 TO 2015


WEATHER ITEM   OBSERVED TIME   RECORD YEAR NORMAL DEPARTURE LAST
                VALUE   (LST)  VALUE       VALUE  FROM      YEAR
                                                  NORMAL
..................................................................
TEMPERATURE (F)
 TODAY
  MAXIMUM         49    347 PM  93    1925  60    -11       55
  MINIMUM         28    608 AM  25    1930  41    -13       27
  AVERAGE         39                        51    -12       41

PRECIPITATION (IN)
  TODAY            0.00          1.09 1983   0.10  -0.10     0.00
  MONTH TO DATE    3.30                      2.91   0.39     2.38
  SINCE MAR 1      7.35                      6.20   1.15     4.33
  SINCE JAN 1     10.75                     11.43  -0.68     8.37

DEGREE DAYS
 HEATING
  TODAY           26                        15     11       24
  MONTH TO DATE  369                       457    -88      428
  SINCE MAR 1   1350                      1370    -20     1524
  SINCE JUL 1   6539                      6249    290     6852

 COOLING
  TODAY            0                         0      0        0
  MONTH TO DATE    0                         0      0        4
  SINCE MAR 1      0                         0      0        4
  SINCE JAN 1      0                         0      0        4
..................................................................


WIND (MPH)
  HIGHEST WIND SPEED    28   HIGHEST WIND DIRECTION     W (280)
  HIGHEST GUST SPEED    37   HIGHEST GUST DIRECTION     W (270)
  AVERAGE WIND SPEED    16.4


SKY COVER
  POSSIBLE SUNSHINE  MM
  AVERAGE SKY COVER 0.5


WEATHER CONDITIONS
 THE FOLLOWING WEATHER WAS RECORDED TODAY.
  NO SIGNIFICANT WEATHER WAS OBSERVED.


RELATIVE HUMIDITY (PERCENT)
 HIGHEST    75          1200 AM
 LOWEST     29           400 PM
 AVERAGE    52

..........................................................


THE JOHNSTOWN CLIMATE NORMALS FOR TOMORROW
                         NORMAL    RECORD    YEAR
 MAXIMUM TEMPERATURE (F)   61        95      1915
 MINIMUM TEMPERATURE (F)   41        26      1919


SUNRISE AND SUNSET
APRIL 24 2015.........SUNRISE   624 AM EDT   SUNSET   803 PM EDT
APRIL 25 2015.........SUNRISE   623 AM EDT   SUNSET   804 PM EDT


-  INDICATES NEGATIVE NUMBERS.
R  INDICATES RECORD WAS SET OR TIED.
MM INDICATES DATA IS MISSING.
T  INDICATES TRACE AMOUNT.




$$
