000
CDUS41 KOKX 042046
CLILGA


CLIMATE REPORT
NATIONAL WEATHER SERVICE NEW YORK NY
446 PM EDT MON MAY 4 2015


...................................

...THE LAGUARDIA NY CLIMATE SUMMARY FOR MAY 4 2015...
VALID TODAY AS OF 0400 PM LOCAL TIME.

CLIMATE NORMAL PERIOD 1981 TO 2010
CLIMATE RECORD PERIOD 1945 TO 2015


WEATHER ITEM   OBSERVED TIME   RECORD YEAR NORMAL DEPARTURE LAST
                VALUE   (LST)  VALUE       VALUE  FROM      YEAR
                                                  NORMAL
..................................................................
TEMPERATURE (F)
 TODAY
  MAXIMUM         82   1204 PM  92    2001  67     15       64
  MINIMUM         54    603 AM  41    1957  50      4       54
  AVERAGE         68                        59      9       59

PRECIPITATION (IN)
  TODAY            0.00          0.89 1975   0.12  -0.12      T
  MONTH TO DATE    0.00                      0.45  -0.45     0.18
  SINCE MAR 1      6.36                      8.42  -2.06    12.07
  SINCE JAN 1     13.44                     14.35  -0.91    19.36

SNOWFALL (IN)
  TODAY            0.0          MM      MM   0.0    0.0      0.0
  MONTH TO DATE    0.0                       0.0    0.0      0.0
  SINCE OCT 1     53.8                      26.9   26.9     52.4
  SINCE JUL 1     53.8                      26.9   26.9     52.4
  SNOW DEPTH       0

DEGREE DAYS
 HEATING
  TODAY            0                         7     -7        6
  MONTH TO DATE   18                        29    -11       14
  SINCE MAR 1   1196                      1114     82     1285
  SINCE JUL 1   4918                      4543    375     4942

 COOLING
  TODAY            3                         1      2        0
  MONTH TO DATE    3                         4     -1        0
  SINCE MAR 1      5                        12     -7        0
  SINCE JAN 1      5                        12     -7        0
..................................................................


WIND (MPH)
  HIGHEST WIND SPEED    23   HIGHEST WIND DIRECTION     S (170)
  HIGHEST GUST SPEED    29   HIGHEST GUST DIRECTION     S (180)
  AVERAGE WIND SPEED     7.7


SKY COVER
  AVERAGE SKY COVER 0.2


WEATHER CONDITIONS
 THE FOLLOWING WEATHER WAS RECORDED TODAY.
  NO SIGNIFICANT WEATHER WAS OBSERVED.


RELATIVE HUMIDITY (PERCENT)
 HIGHEST    77           600 AM
 LOWEST     24          1200 PM
 AVERAGE    51

..........................................................


THE LAGUARDIA NY CLIMATE NORMALS FOR TOMORROW
                         NORMAL    RECORD    YEAR
 MAXIMUM TEMPERATURE (F)   68        90      1955
                                             1949
 MINIMUM TEMPERATURE (F)   51        42      1978
                                             1974


SUNRISE AND SUNSET
MAY  4 2015...........SUNRISE   551 AM EDT   SUNSET   755 PM EDT
MAY  5 2015...........SUNRISE   550 AM EDT   SUNSET   756 PM EDT


-  INDICATES NEGATIVE NUMBERS.
R  INDICATES RECORD WAS SET OR TIED.
MM INDICATES DATA IS MISSING.
T  INDICATES TRACE AMOUNT.




$$
