000
CDHW41 PHFO 051245
CLILIH


CLIMATE REPORT
NATIONAL WEATHER SERVICE HONOLULU HI
245 AM HST TUE MAY 5 2015


...................................

...THE LIHUE HI CLIMATE SUMMARY FOR MAY 4 2015...

CLIMATE NORMAL PERIOD 1981 TO 2010
CLIMATE RECORD PERIOD 1946 TO 2015


WEATHER ITEM   OBSERVED TIME   RECORD YEAR NORMAL DEPARTURE LAST
                VALUE   (LST)  VALUE       VALUE  FROM      YEAR
                                                  NORMAL
..................................................................
TEMPERATURE (F)
 YESTERDAY
  MAXIMUM         83    255 PM  84    1982  80      3       81
                                      1981
                                      1961
  MINIMUM         74    618 AM  62    1989  69      5       67
  AVERAGE         79                        75      4       74

PRECIPITATION (IN)
  YESTERDAY        0.00          2.45 1965   0.08  -0.08     0.00
  MONTH TO DATE    T                         0.32  -0.32      T
  SINCE MAR 1      3.12                      7.18  -4.06     2.58
  SINCE JAN 1      5.03                     14.09  -9.06    12.98

SNOWFALL (IN)
  YESTERDAY        0.0
  MONTH TO DATE    0.0
  SINCE MAR 1      0.0
  SINCE JUL 1      0.0
  SNOW DEPTH       0

DEGREE DAYS
 HEATING
  YESTERDAY        0                         0      0        0
  MONTH TO DATE    0                         0      0        0
  SINCE MAR 1      0                         0      0        0
  SINCE JUL 1      0                         0      0        0

 COOLING
  YESTERDAY       14                        10      4        9
  MONTH TO DATE   52                        40     12       42
  SINCE MAR 1    657                       549    108      542
  SINCE JAN 1   1113                       944    169      918
..................................................................


WIND (MPH)
  HIGHEST WIND SPEED    20   HIGHEST WIND DIRECTION     E (70)
  HIGHEST GUST SPEED    23   HIGHEST GUST DIRECTION     E (80)
  AVERAGE WIND SPEED    13.9


SKY COVER
  POSSIBLE SUNSHINE  MM
  AVERAGE SKY COVER 0.6


WEATHER CONDITIONS
 THE FOLLOWING WEATHER WAS RECORDED YESTERDAY.
  NO SIGNIFICANT WEATHER WAS OBSERVED.


RELATIVE HUMIDITY (PERCENT)
 HIGHEST    69          1200 AM
 LOWEST     54           500 PM
 AVERAGE    62

..........................................................


THE LIHUE HI CLIMATE NORMALS FOR TODAY
                         NORMAL    RECORD    YEAR
 MAXIMUM TEMPERATURE (F)   80        84      1961
 MINIMUM TEMPERATURE (F)   70        62      1966


SUNRISE AND SUNSET
MAY  5 2015...........SUNRISE   603 AM HST   SUNSET   705 PM HST
MAY  6 2015...........SUNRISE   603 AM HST   SUNSET   706 PM HST


-  INDICATES NEGATIVE NUMBERS.
R  INDICATES RECORD WAS SET OR TIED.
MM INDICATES DATA IS MISSING.
T  INDICATES TRACE AMOUNT.




$$
