000
CDUS45 KRIW 030736
CLILND


CLIMATE REPORT
NATIONAL WEATHER SERVICE RIVERTON WY
126 AM MDT SUN MAY 3 2015


...................................

...THE LANDER WY CLIMATE SUMMARY FOR MAY 2 2015...

CLIMATE NORMAL PERIOD 1981 TO 2010
CLIMATE RECORD PERIOD 1891 TO 2015


WEATHER ITEM   OBSERVED TIME   RECORD YEAR NORMAL DEPARTURE LAST
                VALUE   (LST)  VALUE       VALUE  FROM      YEAR
                                                  NORMAL
..................................................................
TEMPERATURE (F)
 YESTERDAY
  MAXIMUM         75    156 PM  84    1947  62     13       75
  MINIMUM         43    401 AM  13    1903  36      7       42
  AVERAGE         59                        49     10       59

PRECIPITATION (IN)
  YESTERDAY        0.00          1.03 1942   0.08  -0.08     0.00
  MONTH TO DATE    0.00                      0.15  -0.15     0.00
  SINCE MAR 1      2.86                      3.18  -0.32     1.88
  SINCE JAN 1      4.42                      4.17   0.25     2.68

SNOWFALL (IN)
  YESTERDAY        0.0                       0.3   -0.3      0.0
  MONTH TO DATE    0.0                       0.7   -0.7      0.0
  SINCE MAR 1     19.2                      33.6  -14.4     18.2
  SINCE JUL 1     73.1                      87.2  -14.1     73.5
  SNOW DEPTH       0

DEGREE DAYS
 HEATING
  YESTERDAY        6                        16    -10        6
  MONTH TO DATE   16                        32    -16       24
  SINCE MAR 1   1374                      1582   -208     1540
  SINCE JUL 1   6498                      7286   -788     7276

 COOLING
  YESTERDAY        0                         0      0        0
  MONTH TO DATE    0                         0      0        0
  SINCE MAR 1      0                         0      0        0
  SINCE JAN 1      0                         0      0        0
..................................................................


WIND (MPH)
  HIGHEST WIND SPEED    36   HIGHEST WIND DIRECTION    SW (220)
  HIGHEST GUST SPEED    49   HIGHEST GUST DIRECTION     W (260)
  AVERAGE WIND SPEED    12.2


SKY COVER
  POSSIBLE SUNSHINE  MM
  AVERAGE SKY COVER 0.1


WEATHER CONDITIONS
 THE FOLLOWING WEATHER WAS RECORDED YESTERDAY.
  NO SIGNIFICANT WEATHER WAS OBSERVED.


RELATIVE HUMIDITY (PERCENT)
 HIGHEST    38           600 AM
 LOWEST     16          1200 PM
 AVERAGE    27

..........................................................


THE LANDER WY CLIMATE NORMALS FOR TODAY
                         NORMAL    RECORD    YEAR
 MAXIMUM TEMPERATURE (F)   62        84      1947
 MINIMUM TEMPERATURE (F)   36        17      1899


SUNRISE AND SUNSET
MAY  3 2015...........SUNRISE   607 AM MDT   SUNSET   818 PM MDT
MAY  4 2015...........SUNRISE   605 AM MDT   SUNSET   819 PM MDT


-  INDICATES NEGATIVE NUMBERS.
R  INDICATES RECORD WAS SET OR TIED.
MM INDICATES DATA IS MISSING.
T  INDICATES TRACE AMOUNT.




$$
