000
CDUS43 KOAX 250646
CLILNK


CLIMATE REPORT
NATIONAL WEATHER SERVICE OMAHA NEBRASKA
145 AM CDT SAT APR 25 2015


...................................

...THE LINCOLN, NEBRASKA CLIMATE SUMMARY FOR APRIL 24 2015...

CLIMATE NORMAL PERIOD 1981 TO 2010
CLIMATE RECORD PERIOD 1887 TO 2015


WEATHER ITEM   OBSERVED TIME   RECORD YEAR NORMAL DEPARTURE LAST
                VALUE   (LST)  VALUE       VALUE  FROM      YEAR
                                                  NORMAL
..................................................................
TEMPERATURE (F)
 YESTERDAY
  MAXIMUM         66    305 PM  94    1989  67     -1       70
  MINIMUM         55    556 AM  22    2013  42     13       45
  AVERAGE         61                        55      6       58

PRECIPITATION (IN)
  YESTERDAY        0.03          2.60 2007   0.11  -0.08     0.39
  MONTH TO DATE    1.72                      2.03  -0.31     2.65
  SINCE MAR 1      2.49                      3.96  -1.47     2.78
  SINCE JAN 1      4.33                      5.37  -1.04     3.64

SNOWFALL (IN)
  YESTERDAY        0.0                       0.0    0.0      0.0
  MONTH TO DATE    0.0                       1.3   -1.3      0.5
  SINCE JUL 1     21.9                      25.8   -3.9     18.2
  SNOW DEPTH       0

DEGREE DAYS
 HEATING
  YESTERDAY        4                        11     -7        7
  MONTH TO DATE  260                       357    -97      324
  SINCE MAR 1    928                      1130   -202     1181
  SINCE JUL 1   5615                      5833   -218     6298

 COOLING
  YESTERDAY        0                         1     -1        0
  MONTH TO DATE    3                         7     -4       13
  SINCE MAR 1      5                         8     -3       13
  SINCE JAN 1      5                         8     -3       13
..................................................................


WIND (MPH)
  HIGHEST WIND SPEED    20   HIGHEST WIND DIRECTION     S (170)
  HIGHEST GUST SPEED    23   HIGHEST GUST DIRECTION     S (180)
  AVERAGE WIND SPEED    11.8


SKY COVER
  POSSIBLE SUNSHINE  MM
  AVERAGE SKY COVER 1.0


WEATHER CONDITIONS
 THE FOLLOWING WEATHER WAS RECORDED YESTERDAY.
  THUNDERSTORM
  LIGHT RAIN
  FOG


RELATIVE HUMIDITY (PERCENT)
 HIGHEST    86           800 PM
 LOWEST     43          1200 AM
 AVERAGE    65

..........................................................


THE LINCOLN, NEBRASKA CLIMATE NORMALS FOR TODAY
                         NORMAL    RECORD    YEAR
 MAXIMUM TEMPERATURE (F)   68        92      2012
 MINIMUM TEMPERATURE (F)   43        28      2013


SUNRISE AND SUNSET
APRIL 25 2015.........SUNRISE   634 AM CDT   SUNSET   817 PM CDT
APRIL 26 2015.........SUNRISE   632 AM CDT   SUNSET   818 PM CDT


-  INDICATES NEGATIVE NUMBERS.
R  INDICATES RECORD WAS SET OR TIED.
MM INDICATES DATA IS MISSING.
T  INDICATES TRACE AMOUNT.




$$
