000
CDUS44 KCRP 030846
CLILRD

CLIMATE REPORT
NATIONAL WEATHER SERVICE CORPUS CHRISTI TX
344 AM CDT SUN MAY 3 2015

...................................

...THE LAREDO CLIMATE SUMMARY FOR MAY 2 2015...

CLIMATE NORMAL PERIOD 1981 TO 2010
CLIMATE RECORD PERIOD 1900 TO 2015


WEATHER ITEM   OBSERVED TIME   RECORD YEAR NORMAL DEPARTURE LAST
                VALUE   (LST)  VALUE       VALUE  FROM      YEAR
                                                  NORMAL
..................................................................
TEMPERATURE (F)
 YESTERDAY
  MAXIMUM         87    523 PM 110    2002  91     -4       80
  MINIMUM         61    558 AM  45    1917  69     -8       62
  AVERAGE         74                        80     -6       71

PRECIPITATION (IN)
  YESTERDAY        0.00          2.08 1966   0.07  -0.07      T
  MONTH TO DATE    0.00                      0.14  -0.14      T
  SINCE MAR 1      7.05                      2.68   4.37     1.11
  SINCE JAN 1      7.93                      4.52   3.41     1.32

SNOWFALL (IN)
  YESTERDAY        0.0
  MONTH TO DATE    0.0
  SINCE MAR 1      0.0
  SINCE JUL 1      0.0

DEGREE DAYS
 HEATING
  YESTERDAY        0                         0      0        0
  MONTH TO DATE    0                         0      0        0
  SINCE MAR 1    129                        82     47      104
  SINCE JUL 1   1064                       926    138     1095

 COOLING
  YESTERDAY        9                        15     -6        6
  MONTH TO DATE   16                        29    -13       11
  SINCE MAR 1    419                       544   -125      533
  SINCE JAN 1    467                       629   -162      645
..................................................................


WIND (MPH)
  HIGHEST WIND SPEED    21   HIGHEST WIND DIRECTION    SE (130)
  HIGHEST GUST SPEED    25   HIGHEST GUST DIRECTION    SE (120)
  AVERAGE WIND SPEED     9.6


SKY COVER
  POSSIBLE SUNSHINE  MM
  AVERAGE SKY COVER 0.0


WEATHER CONDITIONS
 THE FOLLOWING WEATHER WAS RECORDED YESTERDAY.
  HAZE


RELATIVE HUMIDITY (PERCENT)
 HIGHEST    90           600 AM
 LOWEST     29           400 PM

..........................................................


THE LAREDO CLIMATE NORMALS FOR TODAY
                         NORMAL    RECORD    YEAR
 MAXIMUM TEMPERATURE (F)   91       107      1998
 MINIMUM TEMPERATURE (F)   69        45      1918


SUNRISE AND SUNSET
MAY  3 2015...........SUNRISE   657 AM CDT   SUNSET   813 PM CDT
MAY  4 2015...........SUNRISE   656 AM CDT   SUNSET   813 PM CDT


-  INDICATES NEGATIVE NUMBERS.
R  INDICATES RECORD WAS SET OR TIED.
MM INDICATES DATA IS MISSING.
T  INDICATES TRACE AMOUNT.

$$
