000
CDUS45 KBYZ 270933
CLILVM


CLIMATE REPORT
NATIONAL WEATHER SERVICE BILLINGS MT
331 AM MDT MON APR 27 2015


...................................

...THE LIVINGSTON MT CLIMATE SUMMARY FOR APRIL 26 2015...

CLIMATE NORMAL PERIOD 1981 TO 2010
CLIMATE RECORD PERIOD 1948 TO 2015


WEATHER ITEM   OBSERVED TIME   RECORD YEAR NORMAL DEPARTURE LAST
                VALUE   (LST)  VALUE       VALUE  FROM      YEAR
                                                  NORMAL
..................................................................
TEMPERATURE (F)
 YESTERDAY
  MAXIMUM         43    249 PM  78    2001  58    -15       52
  MINIMUM         36   1108 AM  21    2010  31      5       36
                                      1995
  AVERAGE         40                        45     -5       44

PRECIPITATION (IN)
  YESTERDAY        0.09          1.13        0.07   0.02     0.31
  MONTH TO DATE    1.10                      1.48  -0.38     1.45
  SINCE OCT 1      4.35                      5.68  -1.33     6.82
  SINCE JAN 1      2.56                      3.31  -0.75     4.53

DEGREE DAYS
 HEATING
  YESTERDAY       25                        20      5       21
  MONTH TO DATE  570                       611    -41      517
  SINCE MAR 1   1176                      1522   -346     1446
  SINCE JUL 1   5790                      6870  -1080     6689

 COOLING
  YESTERDAY        0                         0      0        0
  MONTH TO DATE    0                         0      0        0
  SINCE MAR 1      0                         0      0        0
  SINCE JAN 1      0                         0      0        0
..................................................................


WIND (MPH)
  HIGHEST WIND SPEED    23   HIGHEST WIND DIRECTION     E (80)
  HIGHEST GUST SPEED    28   HIGHEST GUST DIRECTION     E (80)
  AVERAGE WIND SPEED    14.6


SKY COVER
  POSSIBLE SUNSHINE  MM
  AVERAGE SKY COVER 1.0


WEATHER CONDITIONS
 THE FOLLOWING WEATHER WAS RECORDED YESTERDAY.
  LIGHT RAIN
  LIGHT SNOW
  FOG


RELATIVE HUMIDITY (PERCENT)
 HIGHEST    92           600 AM
 LOWEST     70           400 PM
 AVERAGE    81

..........................................................


THE LIVINGSTON MT CLIMATE NORMALS FOR TODAY
                         NORMAL    RECORD    YEAR
 MAXIMUM TEMPERATURE (F)   59        83      1987
 MINIMUM TEMPERATURE (F)   31        20      1994


SUNRISE AND SUNSET
APRIL 27 2015.........SUNRISE   616 AM MDT   SUNSET   824 PM MDT
APRIL 28 2015.........SUNRISE   614 AM MDT   SUNSET   825 PM MDT


-  INDICATES NEGATIVE NUMBERS.
R  INDICATES RECORD WAS SET OR TIED.
MM INDICATES DATA IS MISSING.
T  INDICATES TRACE AMOUNT.





&&

THIS IS AN AUTOMATED...UNATTENDED WEATHER STATION AND MAY
UNDERESTIMATE WINTER PRECIPITATION.

$$
