000
CDUS44 KLZK 070859
CLILZK


CLIMATE REPORT
NATIONAL WEATHER SERVICE LITTLE ROCK AR
359 AM CDT THU MAY 7 2015


...................................

...THE NORTH LITTLE ROCK CLIMATE SUMMARY FOR MAY 6 2015...

CLIMATE NORMAL PERIOD 1981 TO 2010
CLIMATE RECORD PERIOD 1975 TO 2015


WEATHER ITEM   OBSERVED TIME   RECORD YEAR NORMAL DEPARTURE LAST
                VALUE   (LST)  VALUE       VALUE  FROM      YEAR
                                                  NORMAL
..................................................................
TEMPERATURE (F)
 YESTERDAY
  MAXIMUM         83        MM  90    2012  78      5       83
                                      2007
  MINIMUM         66        MM  44    1992  59      7       62
  AVERAGE         75                        68      7       73

PRECIPITATION (IN)
  YESTERDAY        0.00          2.16 1996   0.18  -0.18     0.00
  MONTH TO DATE    T                         1.07  -1.07      T
  SINCE MAR 1     13.61                     10.63   2.98     9.76
  SINCE JAN 1     19.79                     17.71   2.08    15.08

SNOWFALL (IN)
  YESTERDAY        0.0          MM      MM   0.0    0.0      0.0
  MONTH TO DATE    0.0                       0.0    0.0      0.0
  SINCE MAR 1      6.4                       0.4    6.0      1.6
  SINCE JUL 1     10.6                       4.4    6.2      5.2
  SNOW DEPTH      90

DEGREE DAYS
 HEATING
  YESTERDAY        0                         1     -1        0
  MONTH TO DATE    3                        10     -7       16
  SINCE MAR 1    500                       506     -6      656
  SINCE JUL 1   3297                      2992    305     3483

 COOLING
  YESTERDAY       10                         5      5        8
  MONTH TO DATE   32                        25      7       31
  SINCE MAR 1    107                       112     -5       87
  SINCE JAN 1    107                       114     -7       87
..................................................................


WIND (MPH)
  HIGHEST WIND SPEED    MM   HIGHEST WIND DIRECTION    MM
  HIGHEST GUST SPEED    MM   HIGHEST GUST DIRECTION    MM
  AVERAGE WIND SPEED    MM


SKY COVER
  POSSIBLE SUNSHINE  MM
  AVERAGE SKY COVER  MM


WEATHER CONDITIONS
 THE FOLLOWING WEATHER WAS RECORDED YESTERDAY.
  NO SIGNIFICANT WEATHER WAS OBSERVED.


RELATIVE HUMIDITY (PERCENT)
 HIGHEST    MM
 LOWEST     MM
 AVERAGE    MM

..........................................................


THE NORTH LITTLE ROCK CLIMATE NORMALS FOR TODAY
                         NORMAL    RECORD    YEAR
 MAXIMUM TEMPERATURE (F)   78        89      2007
                                             2002
 MINIMUM TEMPERATURE (F)   59        46      1992


SUNRISE AND SUNSET
MAY  7 2015...........SUNRISE   613 AM CDT   SUNSET   759 PM CDT
MAY  8 2015...........SUNRISE   612 AM CDT   SUNSET   800 PM CDT


-  INDICATES NEGATIVE NUMBERS.
R  INDICATES RECORD WAS SET OR TIED.
MM INDICATES DATA IS MISSING.
T  INDICATES TRACE AMOUNT.




$$
