000
CDUS43 KABR 190911
CLIMBG


CLIMATE REPORT
NATIONAL WEATHER SERVICE ABERDEEN SD
409 AM CDT SUN APR 19 2015


...................................

...THE MOBRIDGE SD CLIMATE SUMMARY FOR APRIL 18 2015...

CLIMATE NORMAL PERIOD 1981 TO 2010
CLIMATE RECORD PERIOD 1911 TO 2015


WEATHER ITEM   OBSERVED TIME   RECORD YEAR NORMAL DEPARTURE LAST
                VALUE   (LST)  VALUE       VALUE  FROM      YEAR
                                                  NORMAL
..................................................................
TEMPERATURE (F)
 YESTERDAY
  MAXIMUM         66   1133 AM  93    1915  60      6       73
  MINIMUM         39   1241 AM  13    1953  33      6       33
  AVERAGE         53                        46      7       53

PRECIPITATION (IN)
  YESTERDAY        0.29          1.83 1957   0.05   0.24     0.00
  MONTH TO DATE    0.41                      0.70  -0.29     0.31
  SINCE MAR 1      0.58                      1.60  -1.02     0.82
  SINCE JAN 1      1.38                      2.33  -0.95     1.43

SNOWFALL (IN)
  YESTERDAY        0.0
  MONTH TO DATE    0.0
  SINCE OCT 1     18.7
  SINCE JUL 1     18.7
  SNOW DEPTH       0

DEGREE DAYS
 HEATING
  YESTERDAY       12                        19     -7       12
  MONTH TO DATE  306                       401    -95      488
  SINCE MAR 1   1114                      1428   -314     1632
  SINCE JUL 1   6873                      7403   -530     8172

 COOLING
  YESTERDAY        0                         0      0        0
  MONTH TO DATE    0                         0      0        0
  SINCE MAR 1      0                         0      0        0
  SINCE JAN 1      0                         0      0        0
..................................................................


WIND (MPH)
  HIGHEST WIND SPEED    21   HIGHEST WIND DIRECTION     N (350)
  HIGHEST GUST SPEED    27   HIGHEST GUST DIRECTION     N (360)
  AVERAGE WIND SPEED     9.3


SKY COVER
  POSSIBLE SUNSHINE  MM
  AVERAGE SKY COVER 0.8


WEATHER CONDITIONS
 THE FOLLOWING WEATHER WAS RECORDED YESTERDAY.
  RAIN
  LIGHT RAIN
  FOG


RELATIVE HUMIDITY (PERCENT)
 HIGHEST    93          1000 PM
 LOWEST     23           100 PM
 AVERAGE    58

..........................................................


THE MOBRIDGE SD CLIMATE NORMALS FOR TODAY
                         NORMAL    RECORD    YEAR
 MAXIMUM TEMPERATURE (F)   60        89      1961
 MINIMUM TEMPERATURE (F)   34        14      1928


SUNRISE AND SUNSET
APRIL 19 2015.........SUNRISE   650 AM CDT   SUNSET   833 PM CDT
APRIL 20 2015.........SUNRISE   648 AM CDT   SUNSET   834 PM CDT


-  INDICATES NEGATIVE NUMBERS.
R  INDICATES RECORD WAS SET OR TIED.
MM INDICATES DATA IS MISSING.
T  INDICATES TRACE AMOUNT.




$$
