000
CDUS43 KDTX 062035
CLIMBS


CLIMATE REPORT
NATIONAL WEATHER SERVICE DETROIT/PONTIAC MI
432 PM EDT WED MAY 6 2015


...................................

...THE TRI CITIES MI CLIMATE SUMMARY FOR MAY 6 2015...
VALID TODAY AS OF 0400 PM LOCAL TIME.

CLIMATE NORMAL PERIOD 1981 TO 2010
CLIMATE RECORD PERIOD 1898 TO 2015


WEATHER ITEM   OBSERVED TIME   NORMAL DEPARTURE LAST
                VALUE   (LST)  VALUE  FROM      YEAR
                                      NORMAL
......................................................
TEMPERATURE (F)
 TODAY
  MAXIMUM         73    242 PM  65      8       57
  MINIMUM         47    210 AM  43      4       39
  AVERAGE         60            54      6       48

PRECIPITATION (IN)
  TODAY            T             0.11  -0.11     0.00
  MONTH TO DATE    0.05          0.64  -0.59     0.33
  SINCE MAR 1      3.24          5.59  -2.35     4.91
  SINCE JAN 1      5.35          8.91  -3.56     8.69

SNOWFALL (IN)
  TODAY            0.0           0.0    0.0      0.0
  MONTH TO DATE    0.0           0.0    0.0      0.0
  SINCE MAR 1      6.1           8.1   -2.0      7.2
  SINCE JUL 1     38.0          41.5   -3.5     60.3
  SNOW DEPTH       0

DEGREE DAYS
 HEATING
  TODAY            5            12     -7       17
  MONTH TO DATE   27            75    -48       99
  SINCE MAR 1   1567          1616    -49     1867
  SINCE JUL 1   6928          6715    213     7459

 COOLING
  TODAY            0             0      0        0
  MONTH TO DATE    2             0      2        0
  SINCE MAR 1      2             4     -2        3
  SINCE JAN 1      2             4     -2        3
......................................................


WIND (MPH)
  HIGHEST WIND SPEED    10   HIGHEST WIND DIRECTION     E (90)
  HIGHEST GUST SPEED    16   HIGHEST GUST DIRECTION    SE (120)
  AVERAGE WIND SPEED     5.4


SKY COVER
  AVERAGE SKY COVER 0.6


WEATHER CONDITIONS
 THE FOLLOWING WEATHER WAS RECORDED TODAY.
  LIGHT RAIN
  FOG


..........................................................


THE TRI CITIES MI CLIMATE NORMALS FOR TOMORROW
                         NORMAL
 MAXIMUM TEMPERATURE (F)   65
 MINIMUM TEMPERATURE (F)   43


SUNRISE AND SUNSET
MAY  6 2015...........SUNRISE   623 AM EDT   SUNSET   844 PM EDT
MAY  7 2015...........SUNRISE   621 AM EDT   SUNSET   845 PM EDT


-  INDICATES NEGATIVE NUMBERS.
R  INDICATES RECORD WAS SET OR TIED.
MM INDICATES DATA IS MISSING.
T  INDICATES TRACE AMOUNT.




$$
