000
CDUS43 KDTX 012034
CLIMBS


CLIMATE REPORT
NATIONAL WEATHER SERVICE DETROIT/PONTIAC MI
434 PM EDT WED APR 1 2015


...................................

...THE TRI CITIES MI CLIMATE SUMMARY FOR APRIL 1 2015...
VALID TODAY AS OF 0400 PM LOCAL TIME.

CLIMATE NORMAL PERIOD 1981 TO 2010
CLIMATE RECORD PERIOD 1898 TO 2015


WEATHER ITEM   OBSERVED TIME   NORMAL DEPARTURE LAST
                VALUE   (LST)  VALUE  FROM      YEAR
                                      NORMAL
......................................................
TEMPERATURE (F)
 TODAY
  MAXIMUM         56    259 PM  49      7       56
  MINIMUM         28    607 AM  31     -3       33
  AVERAGE         42            40      2       45

PRECIPITATION (IN)
  TODAY            0.00          0.08  -0.08     0.02
  MONTH TO DATE    0.00          0.08  -0.08     0.02
  SINCE MAR 1      0.80          2.14  -1.34     1.05
  SINCE JAN 1      2.91          5.46  -2.55     4.83

SNOWFALL (IN)
  TODAY            0.0           0.1   -0.1      0.0
  MONTH TO DATE    0.0           0.1   -0.1      0.0
  SINCE MAR 1      5.6           6.5   -0.9      5.8
  SINCE JUL 1     37.5          39.9   -2.4     58.9
  SNOW DEPTH       0

DEGREE DAYS
 HEATING
  TODAY           23            25     -2       20
  MONTH TO DATE   23            25     -2       20
  SINCE MAR 1   1029           994     35     1243
  SINCE JUL 1   6390          6093    297     6835

 COOLING
  TODAY            0             0      0        0
  MONTH TO DATE    0             0      0        0
  SINCE MAR 1      0             0      0        0
  SINCE JAN 1      0             0      0        0
......................................................


WIND (MPH)
  HIGHEST WIND SPEED     8   HIGHEST WIND DIRECTION    SW (220)
  HIGHEST GUST SPEED    11   HIGHEST GUST DIRECTION    SW (220)
  AVERAGE WIND SPEED     4.9


SKY COVER
  AVERAGE SKY COVER 0.1


WEATHER CONDITIONS
 THE FOLLOWING WEATHER WAS RECORDED TODAY.
  NO SIGNIFICANT WEATHER WAS OBSERVED.


..........................................................


THE TRI CITIES MI CLIMATE NORMALS FOR TOMORROW
                         NORMAL
 MAXIMUM TEMPERATURE (F)   50
 MINIMUM TEMPERATURE (F)   31


SUNRISE AND SUNSET
APRIL  1 2015.........SUNRISE   719 AM EDT   SUNSET   803 PM EDT
APRIL  2 2015.........SUNRISE   717 AM EDT   SUNSET   804 PM EDT


-  INDICATES NEGATIVE NUMBERS.
R  INDICATES RECORD WAS SET OR TIED.
MM INDICATES DATA IS MISSING.
T  INDICATES TRACE AMOUNT.




$$
