000
CDUS43 KEAX 280649
CLIMCI

CLIMATE REPORT
NATIONAL WEATHER SERVICE KANSAS CITY/PLEASANT HILL MO
148 AM CDT TUE APR 28 2015


...................................

...THE KANSAS CITY INTERNATIONAL MO CLIMATE SUMMARY FOR APRIL 27 2015...

CLIMATE NORMAL PERIOD 1981 TO 2010
CLIMATE RECORD PERIOD 1888 TO 2015


WEATHER ITEM   OBSERVED TIME   RECORD YEAR NORMAL DEPARTURE LAST
                VALUE   (LST)  VALUE       VALUE  FROM      YEAR
                                                  NORMAL
..................................................................
TEMPERATURE (F)
 YESTERDAY
  MAXIMUM         66    207 PM  90    1989  69     -3       74
                                      1970
  MINIMUM         41    626 AM  32    1988  48     -7       56
                                      1967
  AVERAGE         54                        59     -5       65

PRECIPITATION (IN)
  YESTERDAY        0.00          2.64 1917   0.15  -0.15     1.72
  MONTH TO DATE    3.29                      3.23   0.06     3.71
  SINCE MAR 1      4.17                      5.60  -1.43     5.32
  SINCE JAN 1      6.35                      8.13  -1.78     7.07

SNOWFALL (IN)
  YESTERDAY        0.0           0.0    MM   0.0    0.0      0.0
  MONTH TO DATE    0.0                       0.6   -0.6      0.1
  SINCE MAR 1      T                         2.6   -2.6      3.6
  SINCE JUL 1     14.2                      18.8   -4.6     26.2
  SNOW DEPTH       0

DEGREE DAYS
 HEATING
  YESTERDAY       11                         7      4        0
  MONTH TO DATE  225                       308    -83      297
  SINCE MAR 1    787                       954   -167     1062
  SINCE JUL 1   5001                      4999      2     5628

 COOLING
  YESTERDAY        0                         1     -1        0
  MONTH TO DATE    7                        21    -14        9
  SINCE MAR 1      9                        24    -15        9
  SINCE JAN 1      9                        24    -15        9
..................................................................


WIND (MPH)
  HIGHEST WIND SPEED    18   HIGHEST WIND DIRECTION    NE (50)
  HIGHEST GUST SPEED    23   HIGHEST GUST DIRECTION    NE (40)
  AVERAGE WIND SPEED     8.9


SKY COVER
  POSSIBLE SUNSHINE  MM
  AVERAGE SKY COVER 0.6


WEATHER CONDITIONS
 THE FOLLOWING WEATHER WAS RECORDED YESTERDAY.
  NO SIGNIFICANT WEATHER WAS OBSERVED.


RELATIVE HUMIDITY (PERCENT)
 HIGHEST    82           700 AM
 LOWEST     34           100 PM
 AVERAGE    58

..........................................................


THE KANSAS CITY INTERNATIONAL MO CLIMATE NORMALS FOR TODAY
                         NORMAL    RECORD    YEAR
 MAXIMUM TEMPERATURE (F)   70        91      1970
 MINIMUM TEMPERATURE (F)   49        33      1965


SUNRISE AND SUNSET
APRIL 28 2015.........SUNRISE   624 AM CDT   SUNSET   809 PM CDT
APRIL 29 2015.........SUNRISE   623 AM CDT   SUNSET   810 PM CDT


-  INDICATES NEGATIVE NUMBERS.
R  INDICATES RECORD WAS SET OR TIED.
MM INDICATES DATA IS MISSING.
T  INDICATES TRACE AMOUNT.



&&

...MISCELLANEOUS CLIMATE DATA FROM YESTERDAY...

LOCATION                HIGH    LOW      PRECIP
ST. JOSEPH               69      38       0.00
DOWNTOWN KANSAS CITY     68      45       0.00
OLATHE NEW CENTURY       67      40       0.00
OLATHE JO CO EXEC        67      44       0.00
LEES SUMMIT              67      42       0.00
KIRKSVILLE               66      34       0.00
CHILLICOTHE              69      38       0.00
SEDALIA                  69      43       0.00
NWS PLEASANT HILL MO     66      42       0.00


THIS PRODUCT...ALONG WITH OTHER WEATHER...HYDROLOGICAL AND CLIMATE
INFORMATION...IS AVAILABLE ON THE WEB AT HTTP://WWW.CRH.NOAA.GOV/EAX
OR AT HTTP://WEATHER.GOV

$$

JL
