000
CDUS44 KJAN 032107
CLIMEI


CLIMATE REPORT
NATIONAL WEATHER SERVICE JACKSON MS
405 PM CDT SUN MAY 3 2015


...................................

...THE MERIDIAN CLIMATE SUMMARY FOR MAY 3 2015...
VALID TODAY AS OF 0400 PM LOCAL TIME.

CLIMATE NORMAL PERIOD 1981 TO 2010
CLIMATE RECORD PERIOD 1889 TO 2015


WEATHER ITEM   OBSERVED TIME   RECORD YEAR NORMAL DEPARTURE LAST
                VALUE   (LST)  VALUE       VALUE  FROM      YEAR
                                                  NORMAL
..................................................................
TEMPERATURE (F)
 TODAY
  MAXIMUM         82    249 PM  93    1952  80      2       80
  MINIMUM         47    519 AM  42    1960  55     -8       45
  AVERAGE         65                        67     -2       63

PRECIPITATION (IN)
  TODAY            0.00          2.05 1916   0.15  -0.15     0.00
  MONTH TO DATE    0.00                      0.44  -0.44     0.00
  SINCE MAR 1     10.06                     10.64  -0.58    19.77
  SINCE JAN 1     20.90                     21.37  -0.47    29.12

SNOWFALL (IN)
  TODAY            0.0           0.0    MM   0.0    0.0      0.0
  MONTH TO DATE    0.0                       0.0    0.0      0.0
  SINCE MAR 1      T                         0.3   -0.3      0.0
  SINCE JUL 1      T                         0.6   -0.6      2.5

DEGREE DAYS
 HEATING
  TODAY            0                         1     -1        2
  MONTH TO DATE    6                         4      2       12
  SINCE MAR 1    263                       441   -178      480
  SINCE JUL 1   2504                      2538    -34     2856

 COOLING
  TODAY            0                         4     -4        0
  MONTH TO DATE    0                        11    -11        0
  SINCE MAR 1    140                        87     53       61
  SINCE JAN 1    140                        94     46       68
..................................................................


WIND (MPH)
  HIGHEST WIND SPEED    13   HIGHEST WIND DIRECTION     S (190)
  HIGHEST GUST SPEED    16   HIGHEST GUST DIRECTION     S (180)
  AVERAGE WIND SPEED     2.4


SKY COVER
  POSSIBLE SUNSHINE  MM
  AVERAGE SKY COVER 0.0


WEATHER CONDITIONS
 THE FOLLOWING WEATHER WAS RECORDED TODAY.
  NO SIGNIFICANT WEATHER WAS OBSERVED.


RELATIVE HUMIDITY (PERCENT)
 HIGHEST    93           300 AM
 LOWEST     30           100 PM
 AVERAGE    62

..........................................................


THE MERIDIAN CLIMATE NORMALS FOR TOMORROW
                         NORMAL    RECORD    YEAR
 MAXIMUM TEMPERATURE (F)   81        91      1959
                                             1952
 MINIMUM TEMPERATURE (F)   55        38      2013
                                             1971
                                             1970


SUNRISE AND SUNSET
MAY  3 2015...........SUNRISE   607 AM CDT   SUNSET   737 PM CDT
MAY  4 2015...........SUNRISE   606 AM CDT   SUNSET   738 PM CDT


-  INDICATES NEGATIVE NUMBERS.
R  INDICATES RECORD WAS SET OR TIED.
MM INDICATES DATA IS MISSING.
T  INDICATES TRACE AMOUNT.




$$
