000
CDUS43 KTOP 210634
CLIMHK


CLIMATE REPORT
NATIONAL WEATHER SERVICE TOPEKA KS
132 AM CDT TUE APR 21 2015


...................................

...THE MANHATTAN KS CLIMATE SUMMARY FOR APRIL 20 2015...

CLIMATE NORMAL PERIOD 1981 TO 2010
CLIMATE RECORD PERIOD 9999 TO 9999


WEATHER ITEM   OBSERVED NORMAL DEPARTURE LAST
                VALUE   VALUE  FROM      YEAR
                               NORMAL
...............................................
TEMPERATURE (F)
 YESTERDAY
  MAXIMUM         63     68     -5       80
  MINIMUM         39     43     -4       62
  AVERAGE         51     55     -4       71

PRECIPITATION (IN)
  YESTERDAY        0.00   0.11  -0.11      T
  MONTH TO DATE    1.64   1.58   0.06     0.63
  SINCE MAR 1      1.90   3.78  -1.88     1.16
  SINCE JAN 1      3.36   5.50  -2.14     2.38

DEGREE DAYS
 HEATING
  YESTERDAY       14     10      4        0
  MONTH TO DATE  143    260   -117      278
  SINCE MAR 1    724    936   -212     1028
  SINCE JUL 1   4918   5096   -178     5559

 COOLING
  YESTERDAY        0      1     -1        6
  MONTH TO DATE    6      9     -3       16
  SINCE MAR 1      8     11     -3       16
  SINCE JAN 1      8     11     -3       16
...............................................


WIND (MPH)
  HIGHEST WIND SPEED    20   HIGHEST WIND DIRECTION    NW (330)
  HIGHEST GUST SPEED    32   HIGHEST GUST DIRECTION    NW (330)
  AVERAGE WIND SPEED     7.7


SKY COVER
  AVERAGE SKY COVER 0.1


WEATHER CONDITIONS
 THE FOLLOWING WEATHER WAS RECORDED YESTERDAY.
  HAZE


RELATIVE HUMIDITY (PERCENT)
 HIGHEST    79
 LOWEST     23
 AVERAGE    51

..........................................................


THE MANHATTAN KS CLIMATE NORMALS FOR TODAY
                         NORMAL
 MAXIMUM TEMPERATURE (F)   68
 MINIMUM TEMPERATURE (F)   43


SUNRISE AND SUNSET
APRIL 21 2015.........SUNRISE   642 AM CDT   SUNSET   810 PM CDT
APRIL 22 2015.........SUNRISE   640 AM CDT   SUNSET   811 PM CDT


-  INDICATES NEGATIVE NUMBERS.
R  INDICATES RECORD WAS SET OR TIED.
MM INDICATES DATA IS MISSING.
T  INDICATES TRACE AMOUNT.

$$
