000
CDUS46 KMFR 280840
CLIMHS


CLIMATE REPORT
NATIONAL WEATHER SERVICE MEDFORD, OR
140 AM PDT TUE APR 28 2015


...................................

...THE MT SHASTA CITY CA CLIMATE SUMMARY FOR APRIL 27 2015...

CLIMATE NORMAL PERIOD 1981 TO 2010
CLIMATE RECORD PERIOD 1908 TO 2015


WEATHER ITEM   OBSERVED TIME   RECORD YEAR NORMAL DEPARTURE LAST
                VALUE   (LST)  VALUE       VALUE  FROM      YEAR
                                                  NORMAL
..................................................................
TEMPERATURE (F)
 YESTERDAY
  MAXIMUM         79    317 PM  84    1926  64     15       51
  MINIMUM         39    504 AM  14    1955  35      4       32
  AVERAGE         59                        50      9       42

PRECIPITATION (IN)
  YESTERDAY        0.00          0.94 1951   0.08  -0.08     0.00
  MONTH TO DATE    1.48                      2.71  -1.23     0.94
  SINCE OCT 1     32.91                     38.17  -5.26    12.46
  SINCE JAN 1     13.39                     22.96  -9.57    11.35

SNOWFALL (IN)
  YESTERDAY       MM                         0.0   MM       MM
  MONTH TO DATE   MM                         5.2   MM       MM
  SINCE JUL 1     MM                        91.3   MM        0.0
  SNOW DEPTH      MM

DEGREE DAYS
 HEATING
  YESTERDAY        6                        15     -9       23
  MONTH TO DATE  443                       491    -48      393
  SINCE MAR 1    932                      1195   -263      997
  SINCE JUL 1   3898                      5170  -1272     4613

 COOLING
  YESTERDAY        0                         0      0        0
  MONTH TO DATE    0                         0      0        0
  SINCE MAR 1      0                         0      0        0
  SINCE JAN 1      0                         0      0        0
..................................................................


WIND (MPH)
  HIGHEST WIND SPEED     9   HIGHEST WIND DIRECTION    SW (210)
  HIGHEST GUST SPEED    17   HIGHEST GUST DIRECTION     S (200)
  AVERAGE WIND SPEED     1.8


SKY COVER
  POSSIBLE SUNSHINE  MM
  AVERAGE SKY COVER 0.0


WEATHER CONDITIONS
 THE FOLLOWING WEATHER WAS RECORDED YESTERDAY.
  NO SIGNIFICANT WEATHER WAS OBSERVED.


RELATIVE HUMIDITY (PERCENT)
 HIGHEST    86           400 AM
 LOWEST     23           200 PM

..........................................................


THE MT SHASTA CITY CA CLIMATE NORMALS FOR TODAY
                         NORMAL    RECORD    YEAR
 MAXIMUM TEMPERATURE (F)   64        80      2007
                                             2006
 MINIMUM TEMPERATURE (F)   36        21      1967


SUNRISE AND SUNSET
APRIL 28 2015.........SUNRISE   611 AM PDT   SUNSET   803 PM PDT
APRIL 29 2015.........SUNRISE   610 AM PDT   SUNSET   804 PM PDT


-  INDICATES NEGATIVE NUMBERS.
R  INDICATES RECORD WAS SET OR TIED.
MM INDICATES DATA IS MISSING.
T  INDICATES TRACE AMOUNT.




$$
