000
CDUS43 KIND 020542
CLIMIE


CLIMATE REPORT
NATIONAL WEATHER SERVICE INDIANAPOLIS IN
141 AM EDT THU APR 2 2015


...................................

...THE MUNCIE IN CLIMATE SUMMARY FOR APRIL 1 2015...

CLIMATE NORMAL PERIOD 1981 TO 2010
CLIMATE RECORD PERIOD 9999 TO 9999


WEATHER ITEM   OBSERVED TIME   NORMAL DEPARTURE LAST
                VALUE   (LST)  VALUE  FROM      YEAR
                                      NORMAL
......................................................
TEMPERATURE (F)
 YESTERDAY
  MAXIMUM         68    339 PM  56     12       63
  MINIMUM         37    652 AM  36      1       47
  AVERAGE         53            46      7       55

PRECIPITATION (IN)
  YESTERDAY        0.00          0.12  -0.12     0.02
  MONTH TO DATE    0.00          0.12  -0.12     0.02
  SINCE MAR 1      3.02          3.07  -0.05     1.55
  SINCE JAN 1      5.96          7.61  -1.65     4.51

DEGREE DAYS
 HEATING
  YESTERDAY       12            19     -7       10
  MONTH TO DATE   12            19     -7       10
  SINCE MAR 1    878           806     72      962
  SINCE JUL 1   5743          5189    554     5872

 COOLING
  YESTERDAY        0             0      0        0
  MONTH TO DATE    0             0      0        0
  SINCE MAR 1      0             1     -1        0
  SINCE JAN 1      0             1     -1        0
......................................................


WIND (MPH)
  HIGHEST WIND SPEED    14   HIGHEST WIND DIRECTION    SW (220)
  HIGHEST GUST SPEED    18   HIGHEST GUST DIRECTION     S (200)
  AVERAGE WIND SPEED     8.3


SKY COVER
  AVERAGE SKY COVER 0.0


WEATHER CONDITIONS
 THE FOLLOWING WEATHER WAS RECORDED YESTERDAY.
  FOG
  HAZE


RELATIVE HUMIDITY (PERCENT)
 HIGHEST    85           400 AM
 LOWEST     28           300 PM
 AVERAGE    57

..........................................................


THE MUNCIE IN CLIMATE NORMALS FOR TODAY
                         NORMAL
 MAXIMUM TEMPERATURE (F)   56
 MINIMUM TEMPERATURE (F)   36


SUNRISE AND SUNSET
APRIL  2 2015.........SUNRISE   724 AM EDT   SUNSET   807 PM EDT
APRIL  3 2015.........SUNRISE   723 AM EDT   SUNSET   808 PM EDT


-  INDICATES NEGATIVE NUMBERS.
R  INDICATES RECORD WAS SET OR TIED.
MM INDICATES DATA IS MISSING.
T  INDICATES TRACE AMOUNT.




$$
