000
CDUS44 KMEG 032151
CLIMKL


CLIMATE REPORT
NATIONAL WEATHER SERVICE MEMPHIS TN
450 PM CDT SUN MAY 3 2015


...................................

...THE JACKSON CLIMATE SUMMARY FOR MAY 3 2015...
VALID TODAY AS OF 0400 PM LOCAL TIME.

CLIMATE NORMAL PERIOD 1981 TO 2010
CLIMATE RECORD PERIOD 1948 TO 2015


WEATHER ITEM   OBSERVED TIME   RECORD YEAR NORMAL DEPARTURE LAST
                VALUE   (LST)  VALUE       VALUE  FROM      YEAR
                                                  NORMAL
..................................................................
TEMPERATURE (F)
 TODAY
  MAXIMUM         81    320 PM  90    1955  77      4       79
                                      1949
  MINIMUM         46    458 AM  35    2005  54     -8       44
  AVERAGE         64                        65     -1       62

PRECIPITATION (IN)
  TODAY            0.00          3.23 1979   0.19  -0.19     0.00
  MONTH TO DATE    0.00                      0.57  -0.57     0.00
  SINCE MAR 1     10.00                     10.18  -0.18    10.03
  SINCE JAN 1     15.89                     18.42  -2.53    18.19

SNOWFALL (IN)
  TODAY            0.0

DEGREE DAYS
 HEATING
  TODAY            1                         3     -2        3
  MONTH TO DATE   16                         9      7       24
  SINCE MAR 1    641                       651    -10      816
  SINCE JUL 1   3814                      3535    279     4112

 COOLING
  TODAY            0                         3     -3        0
  MONTH TO DATE    0                         9     -9        0
  SINCE MAR 1     61                        67     -6       37
  SINCE JAN 1     61                        68     -7       37
..................................................................


WIND (MPH)
  HIGHEST WIND SPEED    15   HIGHEST WIND DIRECTION    SW (230)
  HIGHEST GUST SPEED    21   HIGHEST GUST DIRECTION    SW (220)
  AVERAGE WIND SPEED     4.5


SKY COVER
  POSSIBLE SUNSHINE  MM
  AVERAGE SKY COVER 0.0


WEATHER CONDITIONS
 THE FOLLOWING WEATHER WAS RECORDED TODAY.
  FOG


RELATIVE HUMIDITY (PERCENT)
 HIGHEST    93           100 AM
 LOWEST     30           200 PM
 AVERAGE    62

..........................................................


THE JACKSON CLIMATE NORMALS FOR TOMORROW
                         NORMAL    RECORD    YEAR
 MAXIMUM TEMPERATURE (F)   77        91      1952
 MINIMUM TEMPERATURE (F)   54        34      2013


SUNRISE AND SUNSET
MAY  3 2015...........SUNRISE   602 AM CDT   SUNSET   744 PM CDT
MAY  4 2015...........SUNRISE   601 AM CDT   SUNSET   744 PM CDT


-  INDICATES NEGATIVE NUMBERS.
R  INDICATES RECORD WAS SET OR TIED.
MM INDICATES DATA IS MISSING.
T  INDICATES TRACE AMOUNT.




$$
