000
CDUS42 KMLB 030635
CLIMLB


CLIMATE REPORT
NATIONAL WEATHER SERVICE MELBOURNE FL
235 AM EDT SUN MAY 3 2015


...................................

...THE MELBOURNE CLIMATE SUMMARY FOR MAY 2 2015...

CLIMATE NORMAL PERIOD 1981 TO 2010
CLIMATE RECORD PERIOD 1939 TO 2015


WEATHER ITEM   OBSERVED TIME   RECORD YEAR NORMAL DEPARTURE LAST
                VALUE   (LST)  VALUE       VALUE  FROM      YEAR
                                                  NORMAL
..................................................................
TEMPERATURE (F)
 YESTERDAY
  MAXIMUM         80    218 PM  95    2002  83     -3       86
  MINIMUM         61    601 AM  51    1999  64     -3       70
  AVERAGE         71                        74     -3       78

PRECIPITATION (IN)
  YESTERDAY        0.00          1.30 1960   0.06  -0.06     0.74
  MONTH TO DATE    0.00                      0.12  -0.12     1.31
  SINCE MAR 1      4.17                      5.53  -1.36     6.90
  SINCE JAN 1     10.28                     10.33  -0.05    13.96

SNOWFALL (IN)
  YESTERDAY        0.0
  MONTH TO DATE    0.0
  SINCE JUL 1      0.0

DEGREE DAYS
 HEATING
  YESTERDAY        0                         0      0        0
  MONTH TO DATE    0                         0      0        0
  SINCE MAR 1     14                        87    -73       52
  SINCE JUL 1    424                       576   -152      358

 COOLING
  YESTERDAY        6                         9     -3       13
  MONTH TO DATE   13                        17     -4       28
  SINCE MAR 1    624                       294    330      371
  SINCE JAN 1    722                       392    330      539
..................................................................


WIND (MPH)
  HIGHEST WIND SPEED    17   HIGHEST WIND DIRECTION    NE (60)
  HIGHEST GUST SPEED    23   HIGHEST GUST DIRECTION    NE (30)
  AVERAGE WIND SPEED    11.3


SKY COVER
  AVERAGE SKY COVER 0.1


WEATHER CONDITIONS
 THE FOLLOWING WEATHER WAS RECORDED YESTERDAY.
  NO SIGNIFICANT WEATHER WAS OBSERVED.


RELATIVE HUMIDITY (PERCENT)
 HIGHEST    57           500 AM
 LOWEST     47          1000 AM
 AVERAGE    52

..........................................................


THE MELBOURNE CLIMATE NORMALS FOR TODAY
                         NORMAL    RECORD    YEAR
 MAXIMUM TEMPERATURE (F)   84        93      1997
 MINIMUM TEMPERATURE (F)   64        54      2006


SUNRISE AND SUNSET
MAY  3 2015...........SUNRISE   641 AM EDT   SUNSET   758 PM EDT
MAY  4 2015...........SUNRISE   640 AM EDT   SUNSET   759 PM EDT


-  INDICATES NEGATIVE NUMBERS.
R  INDICATES RECORD WAS SET OR TIED.
MM INDICATES DATA IS MISSING.
T  INDICATES TRACE AMOUNT.




$$
