000
CDUS46 KSTO 070837
CLIMOD


CLIMATE REPORT
NATIONAL WEATHER SERVICE SACRAMENTO, CA
137 AM PDT THU MAY 7 2015


...................................

...THE MODESTO CA CLIMATE SUMMARY FOR MAY 6 2015...

CLIMATE NORMAL PERIOD 1981 TO 2010
CLIMATE RECORD PERIOD 1931 TO 2015


WEATHER ITEM   OBSERVED TIME   RECORD YEAR NORMAL DEPARTURE LAST
                VALUE   (LST)  VALUE       VALUE  FROM      YEAR
                                                  NORMAL
..................................................................
TEMPERATURE (F)
 YESTERDAY
  MAXIMUM         79    428 PM 100    1987  81     -2       76
  MINIMUM         49    453 AM  37    1933  53     -4       50
  AVERAGE         64

PRECIPITATION (IN)
  YESTERDAY        0.00          0.91 1994   0.03  -0.03     0.01
  MONTH TO DATE    0.00                      0.16  -0.16     0.01
  SINCE OCT 1      9.98                     12.24  -2.26     6.87
  SINCE JAN 1      2.58                      8.16  -5.58     5.51

SNOWFALL (IN)
  YESTERDAY        0.0          MM      MM
  MONTH TO DATE    0.0
  SINCE MAR 1      0.0
  SINCE JUL 1      0.0
  SNOW DEPTH       0

DEGREE DAYS
 HEATING
  YESTERDAY        1                         2     -1        2
  MONTH TO DATE    1                        12    -11        2
  SINCE MAR 1    178                       378   -200      261
  SINCE JUL 1   1590                      2146   -556     1959

 COOLING
  YESTERDAY        0                         4     -4        0
  MONTH TO DATE   31                        19     12       26
  SINCE MAR 1    114                        63     51       87
  SINCE JAN 1    114                        63     51       87
..................................................................


WIND (MPH)
  RESULTANT WIND SPEED   4   RESULTANT WIND DIRECTION  NW (320)
  HIGHEST WIND SPEED    16   HIGHEST WIND DIRECTION     W (290)
  HIGHEST GUST SPEED    25   HIGHEST GUST DIRECTION     W (270)


SKY COVER
  POSSIBLE SUNSHINE  MM
  AVERAGE SKY COVER 0.0


WEATHER CONDITIONS
 THE FOLLOWING WEATHER WAS RECORDED YESTERDAY.
  NO SIGNIFICANT WEATHER WAS OBSERVED.


RELATIVE HUMIDITY (PERCENT)
 HIGHEST    80           500 AM
 LOWEST     28           500 PM
 AVERAGE    54

..........................................................


THE MODESTO CA CLIMATE NORMALS FOR TODAY
                         NORMAL    RECORD    YEAR
 MAXIMUM TEMPERATURE (F)   81       102      1987
 MINIMUM TEMPERATURE (F)   53        40      1965


SUNRISE AND SUNSET
MAY  7 2015...........SUNRISE   602 AM PDT   SUNSET   759 PM PDT
MAY  8 2015...........SUNRISE   601 AM PDT   SUNSET   800 PM PDT


-  INDICATES NEGATIVE NUMBERS.
R  INDICATES RECORD WAS SET OR TIED.
MM INDICATES DATA IS MISSING.
T  INDICATES TRACE AMOUNT.




$$
