000
CDUS41 KBTV 070541
CLIMPV


CLIMATE REPORT
NATIONAL WEATHER SERVICE BURLINGTON VT
140 AM EDT THU MAY 7 2015


...................................

...THE MONTPELIER VT CLIMATE SUMMARY FOR MAY 6 2015...

CLIMATE NORMAL PERIOD 1981 TO 2010
CLIMATE RECORD PERIOD 1948 TO 2015


WEATHER ITEM   OBSERVED TIME   RECORD YEAR NORMAL DEPARTURE LAST
                VALUE   (LST)  VALUE       VALUE  FROM      YEAR
                                                  NORMAL
..................................................................
TEMPERATURE (F)
 YESTERDAY
  MAXIMUM         72    400 PM  82    1977  63      9       55
  MINIMUM         36    446 AM  25    1967  39     -3       37
  AVERAGE         54                        51      3       46

PRECIPITATION (IN)
  YESTERDAY        0.00          1.55        0.10  -0.10     0.00
  MONTH TO DATE    0.01                      0.61  -0.60     0.77
  SINCE MAR 1      2.91                      5.66  -2.75     5.92
  SINCE JAN 1      5.78                     10.15  -4.37    10.23

DEGREE DAYS
 HEATING
  YESTERDAY       11                        14     -3       19
  MONTH TO DATE   62                        91    -29      103
  SINCE MAR 1   2136                      1887    249     2282
  SINCE JUL 1   8474                      7795    679     8447

 COOLING
  YESTERDAY        0                         0      0        0
  MONTH TO DATE    0                         0      0        0
  SINCE MAR 1      0                         1     -1        0
  SINCE JAN 1      0                         1     -1        0
..................................................................


WIND (MPH)
  HIGHEST WIND SPEED    16   HIGHEST WIND DIRECTION     N (350)
  HIGHEST GUST SPEED    26   HIGHEST GUST DIRECTION     W (280)
  AVERAGE WIND SPEED     4.3


SKY COVER
  AVERAGE SKY COVER 0.0


WEATHER CONDITIONS
 THE FOLLOWING WEATHER WAS RECORDED YESTERDAY.
  NO SIGNIFICANT WEATHER WAS OBSERVED.


RELATIVE HUMIDITY (PERCENT)
 HIGHEST    82           400 AM
 LOWEST     20           300 PM
 AVERAGE    51

..........................................................


THE MONTPELIER VT CLIMATE NORMALS FOR TODAY
                         NORMAL    RECORD    YEAR
 MAXIMUM TEMPERATURE (F)   63        86      1964
 MINIMUM TEMPERATURE (F)   39        22      1966


SUNRISE AND SUNSET
MAY  7 2015...........SUNRISE   534 AM EDT   SUNSET   801 PM EDT
MAY  8 2015...........SUNRISE   532 AM EDT   SUNSET   802 PM EDT


-  INDICATES NEGATIVE NUMBERS.
R  INDICATES RECORD WAS SET OR TIED.
MM INDICATES DATA IS MISSING.
T  INDICATES TRACE AMOUNT.




$$
