000
CDUS43 KILX 062129
CLIMTO


CLIMATE REPORT
NATIONAL WEATHER SERVICE LINCOLN IL
429 PM CDT WED MAY 6 2015


...................................

...THE MATTOON IL AIRPORT CLIMATE SUMMARY FOR MAY 6 2015...
VALID TODAY AS OF 0400 PM LOCAL TIME.

CLIMATE NORMAL PERIOD 1981 TO 2010
CLIMATE RECORD PERIOD 9999 TO 9999


WEATHER ITEM   OBSERVED TIME   RECORD YEAR NORMAL DEPARTURE LAST
                VALUE   (LST)  VALUE       VALUE  FROM      YEAR
                                                  NORMAL
..................................................................
TEMPERATURE (F)
 TODAY
  MAXIMUM         84    108 PM  MM      MM  70     14       78
  MINIMUM         61    425 AM  MM      MM  50     11       51
  AVERAGE         73                        60     13       65

PRECIPITATION (IN)
  TODAY            0.00         MM      MM   0.15  -0.15     0.00
  MONTH TO DATE    T                         0.94  -0.94      T
  SINCE MAR 1      6.31                      6.94  -0.63     5.14
  SINCE JAN 1      7.66                     10.92  -3.26     7.07

DEGREE DAYS
 HEATING
  TODAY            0                         6     -6        0
  MONTH TO DATE   15                        38    -23       44
  SINCE MAR 1   1135                      1096     39     1257
  SINCE JUL 1   5828                      5300    528     6104

 COOLING
  TODAY            8                         1      7        0
  MONTH TO DATE   26                         6     20        0
  SINCE MAR 1     28                        20      8        4
  SINCE JAN 1     28                        20      8        4
..................................................................


WIND (MPH)
  HIGHEST WIND SPEED    18   HIGHEST WIND DIRECTION     S (160)
  HIGHEST GUST SPEED    22   HIGHEST GUST DIRECTION     S (160)
  AVERAGE WIND SPEED     7.2


SKY COVER
  POSSIBLE SUNSHINE  MM
  AVERAGE SKY COVER 0.3


WEATHER CONDITIONS
 THE FOLLOWING WEATHER WAS RECORDED TODAY.
  LIGHT RAIN


RELATIVE HUMIDITY (PERCENT)
 HIGHEST    78           300 AM
 LOWEST     34           100 PM
 AVERAGE    56

..........................................................


THE MATTOON IL AIRPORT CLIMATE NORMALS FOR TOMORROW
                         NORMAL    RECORD    YEAR
 MAXIMUM TEMPERATURE (F)   71        MM        MM
 MINIMUM TEMPERATURE (F)   51        MM        MM


SUNRISE AND SUNSET
MAY  6 2015...........SUNRISE   549 AM CDT   SUNSET   751 PM CDT
MAY  7 2015...........SUNRISE   548 AM CDT   SUNSET   752 PM CDT


-  INDICATES NEGATIVE NUMBERS.
R  INDICATES RECORD WAS SET OR TIED.
MM INDICATES DATA IS MISSING.
T  INDICATES TRACE AMOUNT.




$$
