000
CDUS45 KBOI 050932
CLIMYL


CLIMATE REPORT
NATIONAL WEATHER SERVICE BOISE ID
332 AM MDT TUE MAY 5 2015


...................................

...THE MCCALL ID CLIMATE SUMMARY FOR MAY 4 2015...

CLIMATE NORMAL PERIOD 1981 TO 2010
CLIMATE RECORD PERIOD 1930 TO 2015


WEATHER ITEM   OBSERVED TIME   RECORD YEAR NORMAL DEPARTURE LAST
                VALUE   (LST)  VALUE       VALUE  FROM      YEAR
                                                  NORMAL
..................................................................
TEMPERATURE (F)
 YESTERDAY
  MAXIMUM         72    302 PM  83    1966  55     17       58
  MINIMUM         32    539 AM  21    2002  30      2       41
  AVERAGE         52                        43      9       50

PRECIPITATION (IN)
  YESTERDAY        T             0.69 1993   0.07  -0.07      T
  MONTH TO DATE    T                         0.27  -0.27      T
  SINCE OCT 1     15.79                     14.04   1.75    17.36
  SINCE JAN 1      7.03                      7.86  -0.83    13.29

DEGREE DAYS
 HEATING
  YESTERDAY       13                        22     -9       15
  MONTH TO DATE   58                        91    -33       57
  SINCE MAR 1   1612                      2051   -439     1857
  SINCE JUL 1   6983                      8726  -1743     7851

 COOLING
  YESTERDAY        0                         0      0        0
  MONTH TO DATE    0                         0      0        0
  SINCE MAR 1      0                         0      0        0
  SINCE JAN 1      0                         0      0        0
..................................................................


WIND (MPH)
  HIGHEST WIND SPEED    20   HIGHEST WIND DIRECTION    SW (210)
  HIGHEST GUST SPEED    23   HIGHEST GUST DIRECTION    NW (330)
  AVERAGE WIND SPEED     4.7


SKY COVER
  AVERAGE SKY COVER 0.4


WEATHER CONDITIONS
 THE FOLLOWING WEATHER WAS RECORDED YESTERDAY.
  LIGHT RAIN


RELATIVE HUMIDITY (PERCENT)
 HIGHEST    82           400 AM
 LOWEST     19           500 PM
 AVERAGE    51

..........................................................


THE MCCALL ID CLIMATE NORMALS FOR TODAY
                         NORMAL    RECORD    YEAR
 MAXIMUM TEMPERATURE (F)   56        82      1966
 MINIMUM TEMPERATURE (F)   30        20      1999


SUNRISE AND SUNSET
MAY  5 2015...........SUNRISE   629 AM MDT   SUNSET   854 PM MDT
MAY  6 2015...........SUNRISE   627 AM MDT   SUNSET   856 PM MDT


-  INDICATES NEGATIVE NUMBERS.
R  INDICATES RECORD WAS SET OR TIED.
MM INDICATES DATA IS MISSING.
T  INDICATES TRACE AMOUNT.




$$
