000
CDUS44 KLIX 280753
CLINEW


CLIMATE REPORT
NATIONAL WEATHER SERVICE NEW ORLEANS
252 AM CDT TUE APR 28 2015


...................................

...THE NEW ORLEANS CLIMATE SUMMARY FOR APRIL 27 2015...

CLIMATE NORMAL PERIOD 1981 TO 2010
CLIMATE RECORD PERIOD 1946 TO 2015


WEATHER ITEM   OBSERVED TIME   RECORD YEAR NORMAL DEPARTURE LAST
                VALUE   (LST)  VALUE       VALUE  FROM      YEAR
                                                  NORMAL
..................................................................
TEMPERATURE (F)
 YESTERDAY
  MAXIMUM         76    631 AM  89    1987  81     -5       84
                                      1964
  MINIMUM         64    949 AM  47    1973  63      1       74
  AVERAGE         70                        72     -2       79

PRECIPITATION (IN)
  YESTERDAY        2.31R         1.24 1949   0.17   2.14      T
  MONTH TO DATE   11.97                      4.13   7.84     2.17
  SINCE MAR 1     18.33                      8.68   9.65     7.42
  SINCE JAN 1     26.03                     19.13   6.90    16.45

SNOWFALL (IN)
  YESTERDAY        0.0
  MONTH TO DATE    0.0
  SINCE MAR 1      0.0
  SINCE JUL 1      0.0
  SNOW DEPTH       0

DEGREE DAYS
 HEATING
  YESTERDAY        0                         0      0        0
  MONTH TO DATE    0                        32    -32       41
  SINCE MAR 1     70                       168    -98      228
  SINCE JUL 1   1274                      1277     -3     1581

 COOLING
  YESTERDAY        5                         7     -2       14
  MONTH TO DATE  258                       134    124      125
  SINCE MAR 1    382                       197    185      146
  SINCE JAN 1    400                       234    166      170
..................................................................


WIND (MPH)
  HIGHEST WIND SPEED    54   HIGHEST WIND DIRECTION    NW (300)
  HIGHEST GUST SPEED    70   HIGHEST GUST DIRECTION     W (290)
  AVERAGE WIND SPEED    12.6


SKY COVER
  POSSIBLE SUNSHINE  MM
  AVERAGE SKY COVER 1.0


WEATHER CONDITIONS
 THE FOLLOWING WEATHER WAS RECORDED YESTERDAY.
  THUNDERSTORM
  HEAVY RAIN
  RAIN
  LIGHT RAIN
  HAIL
  FOG
  HAZE


RELATIVE HUMIDITY (PERCENT)
 HIGHEST    93           300 AM
 LOWEST     73           400 PM
 AVERAGE    83

..........................................................


THE NEW ORLEANS CLIMATE NORMALS FOR TODAY
                         NORMAL    RECORD    YEAR
 MAXIMUM TEMPERATURE (F)   81        91      1987
                                             1948
 MINIMUM TEMPERATURE (F)   63        44      1992
                                             1973


SUNRISE AND SUNSET
APRIL 28 2015.........SUNRISE   621 AM CDT   SUNSET   736 PM CDT
APRIL 29 2015.........SUNRISE   620 AM CDT   SUNSET   737 PM CDT


-  INDICATES NEGATIVE NUMBERS.
R  INDICATES RECORD WAS SET OR TIED.
MM INDICATES DATA IS MISSING.
T  INDICATES TRACE AMOUNT.




$$
