000
CDUS45 KPSR 060846
CLINYL

CDUS45 KPSR DDHHMM
CLINYL

CLIMATE REPORT
NATIONAL WEATHER SERVICE PHOENIX AZ
146 AM MST WED MAY 6 2015

...................................

...THE YUMA AZ CLIMATE SUMMARY FOR MAY 5 2015...

CLIMATE NORMAL PERIOD 1981 TO 2010
CLIMATE RECORD PERIOD 1876 TO 2015


WEATHER ITEM   OBSERVED TIME   RECORD YEAR NORMAL DEPARTURE LAST
                VALUE   (LST)  VALUE       VALUE  FROM      YEAR
                                                  NORMAL
..................................................................
TEMPERATURE (F)
 YESTERDAY
  MAXIMUM         91    530 PM 109    1947  92     -1       98
  MINIMUM         65    645 AM  47    1964  65      0       65
  AVERAGE         78                        78      0       82

PRECIPITATION (IN)
  YESTERDAY        0.00          0.23 1992   0.00   0.00     0.00
  MONTH TO DATE    0.00                      0.01  -0.01     0.00
  SINCE OCT 1      0.95                      2.19  -1.24     1.18
  SINCE JAN 1      0.51                      1.25  -0.74     0.07

DEGREE DAYS
 HEATING
  YESTERDAY        0                         0      0        0
  MONTH TO DATE    0                         0      0        0
  SINCE MAR 1     23                        63    -40        9
  SINCE JUL 1     83                       686   -603      370

 COOLING
  YESTERDAY       13                        13      0       17
  MONTH TO DATE   86                        64     22       94
  SINCE MAR 1    665                       434    231      592
  SINCE JAN 1    776                       470    306      706
..................................................................


WIND (MPH)
  HIGHEST WIND SPEED    20   HIGHEST WIND DIRECTION     S (190)
  HIGHEST GUST SPEED    23   HIGHEST GUST DIRECTION     S (190)
  AVERAGE WIND SPEED     7.1


SKY COVER
  AVERAGE SKY COVER 0.3


WEATHER CONDITIONS
 THE FOLLOWING WEATHER WAS RECORDED YESTERDAY.
  NO SIGNIFICANT WEATHER WAS OBSERVED.


RELATIVE HUMIDITY (PERCENT)
 HIGHEST    67
 LOWEST     15
 AVERAGE    41

..........................................................


THE YUMA AZ CLIMATE NORMALS FOR TODAY
                         NORMAL    RECORD    YEAR
 MAXIMUM TEMPERATURE (F)   92       107      1963
 MINIMUM TEMPERATURE (F)   65        49      1975
                                             1930


SUNRISE AND SUNSET
MAY  6 2015...........SUNRISE   547 AM MST   SUNSET   724 PM MST
MAY  7 2015...........SUNRISE   546 AM MST   SUNSET   724 PM MST


-  INDICATES NEGATIVE NUMBERS.
R  INDICATES RECORD WAS SET OR TIED.
MM INDICATES DATA IS MISSING.
T  INDICATES TRACE AMOUNT.

$$
