000
CDUS43 KOAX 260817
CLIOAX


CLIMATE REPORT
NATIONAL WEATHER SERVICE OMAHA NEBRASKA
316 AM CDT SUN APR 26 2015


...................................

...THE VALLEY  NWS, NEBRASKA CLIMATE SUMMARY FOR APRIL 25 2015...

CLIMATE NORMAL PERIOD 1981 TO 2010
CLIMATE RECORD PERIOD 1997 TO 2015


WEATHER ITEM   OBSERVED TIME   NORMAL DEPARTURE LAST
                VALUE   (LST)  VALUE  FROM      YEAR
                                      NORMAL
......................................................
TEMPERATURE (F)
 YESTERDAY
  MAXIMUM         56   1201 AM  65     -9       78
  MINIMUM         47   1221 PM  44      3       42
  AVERAGE         52            54     -2       60

PRECIPITATION (IN)
  YESTERDAY        0.65          0.12   0.53     0.00
  MONTH TO DATE    3.52          2.41   1.11     1.65
  SINCE MAR 1      4.18          4.41  -0.23     2.01
  SINCE JAN 1      5.75          6.12  -0.37     3.05

SNOWFALL (IN)
  YESTERDAY        0.0                           0.0
  MONTH TO DATE    0.2                           0.9
  SINCE JUL 1     19.3                          18.2
  SNOW DEPTH       0

DEGREE DAYS
 HEATING
  YESTERDAY       13            11      2        5
  MONTH TO DATE  291           389    -98      349
  SINCE MAR 1    943          1217   -274     1242
  SINCE JUL 1   5672          6048   -376     6302

 COOLING
  YESTERDAY        0             0      0        0
  MONTH TO DATE    4             0      4        9
  SINCE MAR 1      4             0      4        9
  SINCE JAN 1      4             0      4        9
......................................................


WIND (MPH)
  HIGHEST WIND SPEED    MM   HIGHEST WIND DIRECTION    MM
  HIGHEST GUST SPEED    25   HIGHEST GUST DIRECTION    MM


SKY COVER
  POSSIBLE SUNSHINE  MM


WEATHER CONDITIONS
 THE FOLLOWING WEATHER WAS RECORDED YESTERDAY.
  RAIN
  LIGHT RAIN
  FOG


..........................................................


THE VALLEY  NWS, NEBRASKA CLIMATE NORMALS FOR TODAY
                         NORMAL
 MAXIMUM TEMPERATURE (F)   65
 MINIMUM TEMPERATURE (F)   44


SUNRISE AND SUNSET
APRIL 26 2015.........SUNRISE   630 AM CDT   SUNSET   817 PM CDT
APRIL 27 2015.........SUNRISE   629 AM CDT   SUNSET   818 PM CDT


-  INDICATES NEGATIVE NUMBERS.
R  INDICATES RECORD WAS SET OR TIED.
MM INDICATES DATA IS MISSING.
T  INDICATES TRACE AMOUNT.




$$
