000
CDUS43 KGID 270729
CLIODX


CLIMATE REPORT
NATIONAL WEATHER SERVICE HASTINGS NE
228 AM CDT MON APR 27 2015


...................................

...THE ORD NE CLIMATE SUMMARY FOR APRIL 26 2015...

CLIMATE NORMAL PERIOD 1981 TO 2010
CLIMATE RECORD PERIOD 1895 TO 2015


WEATHER ITEM   OBSERVED TIME   NORMAL DEPARTURE LAST
                VALUE   (LST)  VALUE  FROM      YEAR
                                      NORMAL
......................................................
TEMPERATURE (F)
 YESTERDAY
  MAXIMUM         61    356 PM  65     -4       78
  MINIMUM         37   1159 PM  40     -3       43
  AVERAGE         49            52     -3       61

PRECIPITATION (IN)
  YESTERDAY        0.00          0.10  -0.10     0.00
  MONTH TO DATE    2.71          2.15   0.56     0.89
  SINCE MAR 1      2.74          3.60  -0.86     1.09
  SINCE JAN 1      3.48          4.41  -0.93     1.34

DEGREE DAYS
 HEATING
  YESTERDAY       16            13      3        4
  MONTH TO DATE  373           440    -67      425
  SINCE MAR 1   1099          1286   -187     1372
  SINCE JUL 1   6231          6303    -72     6525

 COOLING
  YESTERDAY        0             0      0        0
  MONTH TO DATE    4             0      4        1
  SINCE MAR 1      4             0      4        1
  SINCE JAN 1      4             0      4        1
......................................................


WIND (MPH)
  HIGHEST WIND SPEED    18   HIGHEST WIND DIRECTION    SE (120)
  HIGHEST GUST SPEED    26   HIGHEST GUST DIRECTION    SE (130)
  AVERAGE WIND SPEED     8.9


SKY COVER
  AVERAGE SKY COVER 0.6


WEATHER CONDITIONS
 THE FOLLOWING WEATHER WAS RECORDED YESTERDAY.
  FOG


RELATIVE HUMIDITY (PERCENT)
 HIGHEST    89           300 AM
 LOWEST     44           200 PM
 AVERAGE    67

..........................................................


THE ORD NE CLIMATE NORMALS FOR TODAY
                         NORMAL
 MAXIMUM TEMPERATURE (F)   65
 MINIMUM TEMPERATURE (F)   40


SUNRISE AND SUNSET
APRIL 27 2015.........SUNRISE   638 AM CDT   SUNSET   829 PM CDT
APRIL 28 2015.........SUNRISE   637 AM CDT   SUNSET   830 PM CDT


-  INDICATES NEGATIVE NUMBERS.
R  INDICATES RECORD WAS SET OR TIED.
MM INDICATES DATA IS MISSING.
T  INDICATES TRACE AMOUNT.




$$
