000
CDUS43 KEAX 040636
CLIOJC


CLIMATE REPORT
NATIONAL WEATHER SERVICE KANSAS CITY/PLEASANT HILL MO
134 AM CDT MON MAY 4 2015


...................................

...THE JOHNSON COUNTY EXECUTIVE KS CLIMATE SUMMARY FOR MAY 3 2015...

CLIMATE NORMAL PERIOD 1981 TO 2010
CLIMATE RECORD PERIOD 9999 TO 9999


WEATHER ITEM   OBSERVED TIME   NORMAL DEPARTURE LAST
                VALUE   (LST)  VALUE  FROM      YEAR
                                      NORMAL
......................................................
TEMPERATURE (F)
 YESTERDAY
  MAXIMUM         81    319 PM  70     11       76
  MINIMUM         61    613 AM  51     10       46
  AVERAGE         71            61     10       61

PRECIPITATION (IN)
  YESTERDAY        T             0.20  -0.20     0.00
  MONTH TO DATE    T             0.57  -0.57     0.00
  SINCE MAR 1      4.03          7.19  -3.16     5.72
  SINCE JAN 1      5.62          9.88  -4.26     6.21

DEGREE DAYS
 HEATING
  YESTERDAY        0             5     -5        4
  MONTH TO DATE    3            17    -14       32
  SINCE MAR 1    760           955   -195     1130
  SINCE JUL 1   4795          4848    -53     5611

 COOLING
  YESTERDAY        6             1      5        0
  MONTH TO DATE    7             3      4        0
  SINCE MAR 1     16            21     -5        5
  SINCE JAN 1     16            21     -5        5
......................................................


WIND (MPH)
  HIGHEST WIND SPEED    28   HIGHEST WIND DIRECTION     S (200)
  HIGHEST GUST SPEED    36   HIGHEST GUST DIRECTION     S (190)
  AVERAGE WIND SPEED    13.6


SKY COVER
  AVERAGE SKY COVER 0.0


WEATHER CONDITIONS
 THE FOLLOWING WEATHER WAS RECORDED YESTERDAY.
  NO SIGNIFICANT WEATHER WAS OBSERVED.


RELATIVE HUMIDITY (PERCENT)
 HIGHEST    78           600 AM
 LOWEST     45           300 PM
 AVERAGE    62

..........................................................


THE JOHNSON COUNTY EXECUTIVE KS CLIMATE NORMALS FOR TODAY
                         NORMAL
 MAXIMUM TEMPERATURE (F)   71
 MINIMUM TEMPERATURE (F)   51


SUNRISE AND SUNSET
MAY  4 2015...........SUNRISE   618 AM CDT   SUNSET   814 PM CDT
MAY  5 2015...........SUNRISE   617 AM CDT   SUNSET   815 PM CDT


-  INDICATES NEGATIVE NUMBERS.
R  INDICATES RECORD WAS SET OR TIED.
MM INDICATES DATA IS MISSING.
T  INDICATES TRACE AMOUNT.




$$
