000
CDUS43 KOAX 182140
CLIOMA


CLIMATE REPORT
NATIONAL WEATHER SERVICE OMAHA NEBRASKA
439 PM CDT SAT APR 18 2015


...................................

...THE OMAHA EPPLEY, NEBRASKA CLIMATE SUMMARY FOR APRIL 18 2015...
VALID TODAY AS OF 0400 PM LOCAL TIME.

CLIMATE NORMAL PERIOD 1981 TO 2010
CLIMATE RECORD PERIOD 1871 TO 2015


WEATHER ITEM   OBSERVED TIME   RECORD YEAR NORMAL DEPARTURE LAST
                VALUE   (LST)  VALUE       VALUE  FROM      YEAR
                                                  NORMAL
..................................................................
TEMPERATURE (F)
 TODAY
  MAXIMUM         67   1259 AM  93    1994  65      2       69
  MINIMUM         60    416 AM  22    1953  41     19       29
  AVERAGE         64                        53     11       49

PRECIPITATION (IN)
  TODAY            0.73          1.10 1916   0.09   0.64     0.00
  MONTH TO DATE    2.43                      1.59   0.84     1.56
  SINCE MAR 1      2.97                      3.58  -0.61     1.77
  SINCE JAN 1      4.11                      5.15  -1.04     2.63

SNOWFALL (IN)
  TODAY            0.0                       0.0    0.0      0.0
  MONTH TO DATE    T                         0.8   -0.8      0.6
  SINCE JUL 1     13.8                      26.2  -12.4     17.8
  SNOW DEPTH       0

DEGREE DAYS
 HEATING
  TODAY            1                        13    -12       16
  MONTH TO DATE  177                       285   -108      315
  SINCE MAR 1    829                      1076   -247     1194
  SINCE JUL 1   5540                      5874   -334     6299

 COOLING
  TODAY            0                         1     -1        0
  MONTH TO DATE    5                         2      3        6
  SINCE MAR 1      5                         3      2        6
  SINCE JAN 1      5                         3      2        6
..................................................................


WIND (MPH)
  HIGHEST WIND SPEED    16   HIGHEST WIND DIRECTION    SW (220)
  HIGHEST GUST SPEED    21   HIGHEST GUST DIRECTION    SW (230)
  AVERAGE WIND SPEED     6.8


SKY COVER
  POSSIBLE SUNSHINE  MM
  AVERAGE SKY COVER 1.0


WEATHER CONDITIONS
 THE FOLLOWING WEATHER WAS RECORDED TODAY.
  THUNDERSTORM
  RAIN
  LIGHT RAIN
  FOG


RELATIVE HUMIDITY (PERCENT)
 HIGHEST    97           300 PM
 LOWEST     63           100 AM
 AVERAGE    80

..........................................................


THE OMAHA EPPLEY, NEBRASKA CLIMATE NORMALS FOR TOMORROW
                         NORMAL    RECORD    YEAR
 MAXIMUM TEMPERATURE (F)   65        90      1987
 MINIMUM TEMPERATURE (F)   41        24      1928


SUNRISE AND SUNSET
APRIL 18 2015.........SUNRISE   640 AM CDT   SUNSET   807 PM CDT
APRIL 19 2015.........SUNRISE   638 AM CDT   SUNSET   808 PM CDT


-  INDICATES NEGATIVE NUMBERS.
R  INDICATES RECORD WAS SET OR TIED.
MM INDICATES DATA IS MISSING.
T  INDICATES TRACE AMOUNT.




$$
