000
CDAK49 PAOM 040902
CLIOME

CLIMATE REPORT
NATIONAL WEATHER SERVICE NOME, AK
102 AM AKDT MON MAY 4 2015

...................................
...THE NOME WSO AP CLIMATE SUMMARY FOR MAY 3 2015...

CLIMATE NORMAL PERIOD  1981 TO  2010
CLIMATE RECORD PERIOD  1906 TO  2015

WEATHER ITEM   OBSERVED TIME    RECORD YEAR NORMAL DEPARTURE LAST
               VALUE    (LST)   VALUE       VALUE  FROM      YEAR
                                                   NORMAL
...................................................................
TEMPERATURE
YESTERDAY
 MAXIMUM            45  0721 PM    54  1960     37       8     34
 MINIMUM            22  0501 AM    -7  1949     25      -3     31
 AVERAGE            34                          31       3     33

PRECIPITATION
(INCHES)
 YESTERDAY        0.00           0.32  1915   0.03   -0.03   0.04
 MONTH TO DATE    0.00                        0.08   -0.08   0.05
 SINCE MAR 1      1.31                        1.49   -0.18   1.03
 SINCE JAN 1      2.95                        3.36   -0.41   3.20

SNOWFALL
(INCHES)
 YESTERDAY         0.0            2.2  1996    0.1    -0.1    0.4
 MONTH TO DATE     0.0                         0.4    -0.4    0.4
 SINCE MAR 1      16.4                        16.8    -0.4   15.8
 SINCE JUL 1      59.7                        73.5   -13.8   70.1
 SNOW DEPTH (IN)     1                                          0

DEGREE DAYS
 HEATING
  YESTERDAY         31                          34      -3     32
  MONTH TO DATE    108                         104       4     89
  SINCE MAR 1     3215                        3135      80   2809
  SINCE JUL 1    11379                       12417   -1038  10963

 COOLING
  YESTERDAY          0                           0       0      0
  MONTH TO DATE      0                           0       0      0
  SINCE MAR 1        0                           0       0      0
  SINCE JAN 1        0                           0       0      0
...................................................................

WIND (MPH)
 HIGHEST WIND SPEED    10     HIGHEST WIND DIRECTION    240
 HIGHEST GUST SPEED    13     HIGHEST GUST DIRECTION    300
 AVERAGE WIND SPEED   4.7

SKY COVER
  POSSIBLE SUNSHINE    MM          AVERAGE SKY COVER     MM

WEATHER CONDITIONS
 THE FOLLOWING WEATHER WAS RECORDED YESTERDAY.
  NO SIGNIFICANT WEATHER WAS OBSERVED.

RELATIVE HUMIDITY
 HIGHEST RH     MM PERCENT       MM
 LOWEST  RH     MM PERCENT       MM
 AVERAGE RH     MM PERCENT       MM
...................................................................

THE NOME CLIMATE NORMALS FOR TODAY
                           NORMAL    RECORD   YEAR
 MAXIMUM TEMPERATURE (F)     37        49     1969
 MINIMUM TEMPERATURE (F)     25        -4     1984

SUNRISE AND SUNSET
 MAY 4 2015..........SUNRISE  6:21 AM      SUNSET 11:40 PM
 MAY 5 2015..........SUNRISE  6:17 AM      SUNSET 11:43 PM

-  INDICATES NEGATIVE NUMBERS.
R  INDICATES RECORD HAS BEEN SET OR TIED.
MM INDICATES DATA IS MISSING.
T  INDICATES TRACE OF PRECIPITATION.

&&
-------------------------------------------------------------------

AMOUNT OF DAYLIGHT TODAY  (HOUR:MIN)........17 HOURS 19 MINUTES
GAIN/LOSS SINCE YESTERDAY (HOUR:MIN:SEC)....+0:06:51

TIDE INFORMATION FOR MONDAY MAY 4 2015
12:01 AM LOW  0.2 FT
 6:59 AM HIGH 1.2 FT
11:41 AM LOW  0.8 FT
 5:20 PM HIGH 1.3 FT

$$
RWM MAY 15
