000
CDUS45 KBOI 170931
CLIONO


CLIMATE REPORT
NATIONAL WEATHER SERVICE BOISE ID
331 AM MDT FRI APR 17 2015


...................................

...THE ONTARIO OR CLIMATE SUMMARY FOR APRIL 16 2015...

CLIMATE NORMAL PERIOD 1981 TO 2010
CLIMATE RECORD PERIOD 1948 TO 2015


WEATHER ITEM   OBSERVED TIME   RECORD YEAR NORMAL DEPARTURE LAST
                VALUE   (LST)  VALUE       VALUE  FROM      YEAR
                                                  NORMAL
..................................................................
TEMPERATURE (F)
 YESTERDAY
  MAXIMUM         70    552 PM  87    1994  65      5       66
  MINIMUM         36    633 AM  20    1982  36      0       40
  AVERAGE         53                        50      3       53

PRECIPITATION (IN)
  YESTERDAY        0.00          0.75 1978   0.03  -0.03     0.00
  MONTH TO DATE    0.47                      0.43   0.04     0.19
  SINCE OCT 1      6.83                      6.83   0.00     4.88
  SINCE JAN 1      2.37                      3.42  -1.05     3.37

DEGREE DAYS
 HEATING
  YESTERDAY       12                        15     -3       12
  MONTH TO DATE  274                       261     13      211
  SINCE MAR 1    797                       931   -134      799
  SINCE JUL 1   4591                      5561   -970     5555

 COOLING
  YESTERDAY        0                         0      0        0
  MONTH TO DATE    0                         0      0        0
  SINCE MAR 1      0                         0      0        0
  SINCE JAN 1      0                         0      0        0
..................................................................


WIND (MPH)
  HIGHEST WIND SPEED    15   HIGHEST WIND DIRECTION     W (290)
  HIGHEST GUST SPEED    19   HIGHEST GUST DIRECTION     W (280)
  AVERAGE WIND SPEED     4.8


SKY COVER
  AVERAGE SKY COVER 0.0


WEATHER CONDITIONS
 THE FOLLOWING WEATHER WAS RECORDED YESTERDAY.
  NO SIGNIFICANT WEATHER WAS OBSERVED.


RELATIVE HUMIDITY (PERCENT)
 HIGHEST    59           600 AM
 LOWEST     19           500 PM
 AVERAGE    39

..........................................................


THE ONTARIO OR CLIMATE NORMALS FOR TODAY
                         NORMAL    RECORD    YEAR
 MAXIMUM TEMPERATURE (F)   65        87      1994
 MINIMUM TEMPERATURE (F)   36        19      1964


SUNRISE AND SUNSET
APRIL 17 2015.........SUNRISE   702 AM MDT   SUNSET   834 PM MDT
APRIL 18 2015.........SUNRISE   700 AM MDT   SUNSET   836 PM MDT


-  INDICATES NEGATIVE NUMBERS.
R  INDICATES RECORD WAS SET OR TIED.
MM INDICATES DATA IS MISSING.
T  INDICATES TRACE AMOUNT.




$$
