000
CDUS43 KDDC 172328
CLIP28


CLIMATE REPORT
NATIONAL WEATHER SERVICE DODGE CITY KS
627 PM CDT FRI APR 17 2015


...................................

...THE MEDICINE LODGE KS CLIMATE SUMMARY FOR APRIL 17 2015...
VALID TODAY AS OF 0500 PM LOCAL TIME.

CLIMATE NORMAL PERIOD 1981 TO 2010
CLIMATE RECORD PERIOD 1893 TO 2015


WEATHER ITEM   OBSERVED TIME   RECORD YEAR NORMAL DEPARTURE LAST
                VALUE   (LST)  VALUE       VALUE  FROM      YEAR
                                                  NORMAL
..................................................................
TEMPERATURE (F)
 TODAY
  MAXIMUM         75    211 PM  96    2006  69      6       54
  MINIMUM         56    729 AM  26    1907  44     12       37
  AVERAGE         66                        56     10       46

PRECIPITATION (IN)
  TODAY            0.45          2.17 1976   0.08   0.37     0.05
  MONTH TO DATE    2.95                      1.21   1.74     0.21
  SINCE MAR 1      3.33                      3.47  -0.14     0.70
  SINCE JAN 1      4.64                      5.22  -0.58     1.65

DEGREE DAYS
 HEATING
  TODAY            0                         9     -9       19
  MONTH TO DATE   98                       197    -99      204
  SINCE MAR 1    558                       765   -207      928
  SINCE JUL 1   4132                      4294   -162     4879

 COOLING
  TODAY            1                         1      0        0
  MONTH TO DATE   25                         9     16       11
  SINCE MAR 1     25                        11     14       11
  SINCE JAN 1     25                        11     14       11
..................................................................


WIND (MPH)
  HIGHEST WIND SPEED    17   HIGHEST WIND DIRECTION     E (80)
  HIGHEST GUST SPEED    24   HIGHEST GUST DIRECTION     E (70)
  AVERAGE WIND SPEED     8.8




RELATIVE HUMIDITY (PERCENT)
 HIGHEST   100           400 AM
 LOWEST     46           100 PM
 AVERAGE    73

..........................................................


THE MEDICINE LODGE KS CLIMATE NORMALS FOR TOMORROW
                         NORMAL    RECORD    YEAR
 MAXIMUM TEMPERATURE (F)   69        91      1897
                                             1994
                                             2002
 MINIMUM TEMPERATURE (F)   45        30      2014
                                             2013
                                             1953


SUNRISE AND SUNSET
APRIL 17 2015.........SUNRISE   657 AM CDT   SUNSET   811 PM CDT
APRIL 18 2015.........SUNRISE   656 AM CDT   SUNSET   812 PM CDT


-  INDICATES NEGATIVE NUMBERS.
R  INDICATES RECORD WAS SET OR TIED.
MM INDICATES DATA IS MISSING.
T  INDICATES TRACE AMOUNT.




$$
