000
CDUS45 KLKN 180931
CLIP68


CLIMATE REPORT
NATIONAL WEATHER SERVICE ELKO NV
226 AM PDT SAT APR 18 2015


...................................

...THE EUREKA AIRPORT NV CLIMATE SUMMARY FOR APRIL 17 2015...

CLIMATE NORMAL PERIOD 1981 TO 2010
CLIMATE RECORD PERIOD 1963 TO 2015


WEATHER ITEM   OBSERVED TIME   RECORD YEAR NORMAL DEPARTURE LAST
                VALUE   (LST)  VALUE       VALUE  FROM      YEAR
                                                  NORMAL
..................................................................
TEMPERATURE (F)
 YESTERDAY
  MAXIMUM         65    408 PM  78    1987  59      6       77
  MINIMUM         22    450 AM  10    1968  28     -6       30
  AVERAGE         44                        44      0       54

PRECIPITATION (IN)
  YESTERDAY        0.00          0.25 2004   0.03  -0.03     0.00
  MONTH TO DATE    0.24                      0.53  -0.29     0.13
  SINCE OCT 1      2.26                      5.19  -2.93     4.87
  SINCE JAN 1      1.14                      3.06  -1.92     2.47

DEGREE DAYS
 HEATING
  YESTERDAY       21                        21      0       11
  MONTH TO DATE  417                       396     21      341
  SINCE MAR 1   1057                      1267   -210     1119
  SINCE JUL 1   5100                      6552  -1452     5923

 COOLING
  YESTERDAY        0                         0      0        0
  MONTH TO DATE    0                         0      0        0
  SINCE MAR 1      0                         0      0        0
  SINCE JAN 1      0                         0      0        0
..................................................................


WIND (MPH)
  HIGHEST WIND SPEED    20   HIGHEST WIND DIRECTION     N (360)
  HIGHEST GUST SPEED    25   HIGHEST GUST DIRECTION     N (360)
  AVERAGE WIND SPEED     7.9




RELATIVE HUMIDITY (PERCENT)
 HIGHEST    74           500 AM
 LOWEST     15           200 PM
 AVERAGE    45

..........................................................


THE EUREKA AIRPORT NV CLIMATE NORMALS FOR TODAY
                         NORMAL    RECORD    YEAR
 MAXIMUM TEMPERATURE (F)   59        79      1994
                                             1989
 MINIMUM TEMPERATURE (F)   28         9      1968


SUNRISE AND SUNSET
APRIL 18 2015.........SUNRISE   603 AM PDT   SUNSET   725 PM PDT
APRIL 19 2015.........SUNRISE   601 AM PDT   SUNSET   726 PM PDT


-  INDICATES NEGATIVE NUMBERS.
R  INDICATES RECORD WAS SET OR TIED.
MM INDICATES DATA IS MISSING.
T  INDICATES TRACE AMOUNT.




$$
